{"id":1017,"date":"2017-03-11T17:34:46","date_gmt":"2017-03-11T16:34:46","guid":{"rendered":"http:\/\/midtjylland.danmarksveteraner.dk\/wordpress\/?page_id=1017"},"modified":"2020-10-17T22:07:54","modified_gmt":"2020-10-17T20:07:54","slug":"bowling","status":"publish","type":"page","link":"https:\/\/midtjylland.danmarksveteraner.dk\/wordpress\/?page_id=1017","title":{"rendered":"Bowling"},"content":{"rendered":"<p>\u00a0<\/p>\n<p style=\"font-weight: 400;\">FN-HYGGEBOWLING i Odder L\u00f8rdag d. 17. Oktober fra kl. 11.00. Efter vores Bowling spil indtog vi en dejlig middag (Lammecuvette) efterf\u00f8lgende kaffe og ikke mindst meget HYGGESNAK, under kaffen blev der overrakt pr\u00e6mier,<\/p>\n<p style=\"font-weight: 400;\">DAMER:\u00a0\u00a0 NR. 1.\u00a0 Bodil Hesselbjerg\u00a0\u00a0 280\u00a0 Kegler\u00a0<\/p>\n<p style=\"font-weight: 400;\">\u00a0\u00a0\u00a0\u00a0\u00a0 &#8221;\u00a0\u00a0\u00a0\u00a0\u00a0\u00a0\u00a0\u00a0\u00a0\u00a0\u00a0\u00a0 &#8221;\u00a0\u00a0\u00a0 2.\u00a0 Anne Thuesen\u00a0\u00a0 \u00a0\u00a0\u00a0\u00a0\u00a0\u00a0254\u00a0\u00a0\u00a0\u00a0 &#8220;<\/p>\n<p style=\"font-weight: 400;\">\u00a0\u00a0\u00a0\u00a0\u00a0\u00a0 &#8221;\u00a0\u00a0\u00a0\u00a0\u00a0\u00a0\u00a0\u00a0\u00a0\u00a0\u00a0\u00a0 &#8221;\u00a0\u00a0\u00a0 3.\u00a0 Mariann Carlsen\u00a0\u00a0\u00a0\u00a0\u00a0 191\u00a0\u00a0\u00a0\u00a0 &#8220;<\/p>\n<p style=\"font-weight: 400;\">\u00a0<\/p>\n<p style=\"font-weight: 400;\">HERRER:\u00a0\u00a0\u00a0\u00a0 &#8221;\u00a0\u00a0\u00a0 1.\u00a0 Hugo B\u00e6k\u00a0\u00a0\u00a0\u00a0\u00a0\u00a0\u00a0\u00a0\u00a0\u00a0\u00a0\u00a0\u00a0\u00a0\u00a0\u00a0\u00a0\u00a0 378\u00a0\u00a0\u00a0\u00a0 &#8220;<\/p>\n<p style=\"font-weight: 400;\">\u00a0\u00a0\u00a0\u00a0 \u00a0\u00a0&#8221;\u00a0\u00a0\u00a0\u00a0\u00a0\u00a0\u00a0\u00a0\u00a0\u00a0\u00a0\u00a0 &#8221;\u00a0\u00a0\u00a0 2.\u00a0 Vagn Thomsen\u00a0\u00a0\u00a0\u00a0\u00a0\u00a0\u00a0 \u00a0\u00a0285\u00a0 \u00a0\u00a0&#8220;<\/p>\n<p style=\"font-weight: 400;\">\u00a0\u00a0\u00a0\u00a0\u00a0\u00a0 &#8221;\u00a0\u00a0\u00a0\u00a0\u00a0\u00a0\u00a0\u00a0\u00a0\u00a0\u00a0\u00a0 &#8221;\u00a0\u00a0\u00a0 3.\u00a0\u00a0 J\u00f8rgen Damsg\u00e5rd\u00a0\u00a0\u00a0\u00a0 249\u00a0\u00a0 &#8220;<\/p>\n<p style=\"font-weight: 400;\">Der blev ogs\u00e5 overrakt en \u00e6ske chokolade tr\u00f8stepr\u00e6mie til de to laveste,<\/p>\n<p style=\"font-weight: 400;\">DAMER:\u00a0\u00a0 Ilse B\u00e6k \u00a0\u00a0\u00a0\u00a0\u00a0\u00a0\u00a0\u00a0\u00a0\u00a0175\u00a0 Kegler<\/p>\n<p style=\"font-weight: 400;\">HERRER:\u00a0\u00a0 Niels Carlsen\u00a0 168\u00a0\u00a0\u00a0\u00a0\u00a0 &#8220;<\/p>\n<hr \/>\n<p style=\"font-weight: 400;\">S\u00e5 fik vi startet op igen med vores hyggebowling i Ebeltoft Bowlingcenter Onsdag d. 23. Sept. 20 kl. 12.00 med efterf\u00f8lgende dejlig middag hvor vi sluttede af med en kop kaffe, vi havde nogle rigtige hyggelig timer sammen selvom vi kun var 12 deltager pga. Corona&#8217;en,<\/p>\n<p style=\"font-weight: 400;\">Resultater:<\/p>\n<p style=\"font-weight: 400;\">DAMER:\u00a0 nr. 1. Bodil Hesselbjerg\u00a0\u00a0 med 314 kegler<\/p>\n<p style=\"font-weight: 400;\">\u00a0\u00a0\u00a0\u00a0\u00a0 &#8221;\u00a0\u00a0\u00a0\u00a0\u00a0\u00a0\u00a0\u00a0\u00a0\u00a0 &#8221;\u00a0\u00a0\u00a0 2. Ilse B\u00e6k\u00a0\u00a0\u00a0\u00a0\u00a0\u00a0\u00a0\u00a0\u00a0\u00a0\u00a0\u00a0\u00a0\u00a0\u00a0\u00a0\u00a0\u00a0\u00a0\u00a0\u00a0\u00a0\u00a0\u00a0 &#8221;\u00a0\u00a0\u00a0\u00a0 241\u00a0\u00a0\u00a0 &#8220;<\/p>\n<p style=\"font-weight: 400;\">\u00a0\u00a0\u00a0\u00a0\u00a0 &#8221;\u00a0\u00a0\u00a0\u00a0\u00a0\u00a0\u00a0\u00a0\u00a0\u00a0 &#8221;\u00a0\u00a0\u00a0 3. Marian Carlsen\u00a0\u00a0\u00a0\u00a0\u00a0\u00a0\u00a0\u00a0\u00a0\u00a0\u00a0 &#8221;\u00a0\u00a0\u00a0\u00a0 192\u00a0\u00a0 \u00a0&#8220;<\/p>\n<p style=\"font-weight: 400;\">\u00a0<\/p>\n<p style=\"font-weight: 400;\">HERRER:\u00a0 &#8221;\u00a0\u00a0\u00a0 1. Hugo B\u00e6k\u00a0\u00a0\u00a0\u00a0\u00a0\u00a0\u00a0\u00a0\u00a0\u00a0\u00a0\u00a0\u00a0\u00a0\u00a0\u00a0\u00a0\u00a0\u00a0\u00a0\u00a0 &#8221;\u00a0\u00a0\u00a0\u00a0 306\u00a0\u00a0\u00a0 &#8220;<\/p>\n<p style=\"font-weight: 400;\">\u00a0\u00a0\u00a0\u00a0\u00a0 &#8221;\u00a0\u00a0\u00a0\u00a0\u00a0\u00a0\u00a0\u00a0\u00a0\u00a0 &#8221;\u00a0\u00a0\u00a0 2. Palle Stausholm\u00a0\u00a0\u00a0\u00a0\u00a0\u00a0\u00a0\u00a0\u00a0\u00a0 &#8221;\u00a0\u00a0\u00a0\u00a0 302\u00a0\u00a0\u00a0 &#8220;<\/p>\n<p style=\"font-weight: 400;\">\u00a0\u00a0\u00a0\u00a0\u00a0 &#8221;\u00a0\u00a0\u00a0\u00a0\u00a0\u00a0\u00a0\u00a0\u00a0\u00a0 &#8221;\u00a0\u00a0\u00a0 3. Vagn Thomsen\u00a0\u00a0\u00a0\u00a0\u00a0\u00a0\u00a0\u00a0\u00a0\u00a0\u00a0 &#8221;\u00a0\u00a0\u00a0\u00a0 \u00a0275\u00a0\u00a0\u00a0<\/p>\n<p style=\"font-weight: 400;\">mvh. Hugo B\u00e6k<\/p>\n<p>N\u00e6ste gang vi spiller Bowling er L\u00f8rdag d. 17. Okt. 20 kl. 11.00 i Odder Bowlingcenter<\/p>\n\n<table id=\"tablepress-63\" class=\"tablepress tablepress-id-63\">\n<thead>\n<tr class=\"row-1\">\n\t<th class=\"column-1\"><a href=\"https:\/\/midtjylland.danmarksveteraner.dk\/wordpress\/wp-content\/uploads\/2020\/10\/2020-09-23-13.59.03-scaled.jpg\"><img loading=\"lazy\" decoding=\"async\" src=\"https:\/\/midtjylland.danmarksveteraner.dk\/wordpress\/wp-content\/uploads\/2020\/10\/2020-09-23-13.59.03-300x169.jpg\" alt=\"\" width=\"300\" height=\"169\" class=\"alignnone size-medium wp-image-3875\" srcset=\"https:\/\/midtjylland.danmarksveteraner.dk\/wordpress\/wp-content\/uploads\/2020\/10\/2020-09-23-13.59.03-300x169.jpg 300w, https:\/\/midtjylland.danmarksveteraner.dk\/wordpress\/wp-content\/uploads\/2020\/10\/2020-09-23-13.59.03-1024x576.jpg 1024w, https:\/\/midtjylland.danmarksveteraner.dk\/wordpress\/wp-content\/uploads\/2020\/10\/2020-09-23-13.59.03-768x432.jpg 768w, https:\/\/midtjylland.danmarksveteraner.dk\/wordpress\/wp-content\/uploads\/2020\/10\/2020-09-23-13.59.03-1536x864.jpg 1536w, https:\/\/midtjylland.danmarksveteraner.dk\/wordpress\/wp-content\/uploads\/2020\/10\/2020-09-23-13.59.03-2048x1152.jpg 2048w\" sizes=\"(max-width: 300px) 100vw, 300px\" \/><\/a><\/th><th class=\"column-2\"><a href=\"https:\/\/midtjylland.danmarksveteraner.dk\/wordpress\/wp-content\/uploads\/2020\/10\/2020-09-23-13.59.14-scaled.jpg\"><img loading=\"lazy\" decoding=\"async\" src=\"https:\/\/midtjylland.danmarksveteraner.dk\/wordpress\/wp-content\/uploads\/2020\/10\/2020-09-23-13.59.14-300x169.jpg\" alt=\"\" width=\"300\" height=\"169\" class=\"alignnone size-medium wp-image-3876\" srcset=\"https:\/\/midtjylland.danmarksveteraner.dk\/wordpress\/wp-content\/uploads\/2020\/10\/2020-09-23-13.59.14-300x169.jpg 300w, https:\/\/midtjylland.danmarksveteraner.dk\/wordpress\/wp-content\/uploads\/2020\/10\/2020-09-23-13.59.14-1024x576.jpg 1024w, https:\/\/midtjylland.danmarksveteraner.dk\/wordpress\/wp-content\/uploads\/2020\/10\/2020-09-23-13.59.14-768x432.jpg 768w, https:\/\/midtjylland.danmarksveteraner.dk\/wordpress\/wp-content\/uploads\/2020\/10\/2020-09-23-13.59.14-1536x864.jpg 1536w, https:\/\/midtjylland.danmarksveteraner.dk\/wordpress\/wp-content\/uploads\/2020\/10\/2020-09-23-13.59.14-2048x1152.jpg 2048w\" sizes=\"(max-width: 300px) 100vw, 300px\" \/><\/a><\/th>\n<\/tr>\n<\/thead>\n<tbody class=\"row-striping row-hover\">\n<tr class=\"row-2\">\n\t<td class=\"column-1\"><a href=\"https:\/\/midtjylland.danmarksveteraner.dk\/wordpress\/wp-content\/uploads\/2020\/10\/2020-09-23-13.59.41-scaled.jpg\"><img loading=\"lazy\" decoding=\"async\" src=\"https:\/\/midtjylland.danmarksveteraner.dk\/wordpress\/wp-content\/uploads\/2020\/10\/2020-09-23-13.59.41-300x169.jpg\" alt=\"\" width=\"300\" height=\"169\" class=\"alignnone size-medium wp-image-3877\" srcset=\"https:\/\/midtjylland.danmarksveteraner.dk\/wordpress\/wp-content\/uploads\/2020\/10\/2020-09-23-13.59.41-300x169.jpg 300w, https:\/\/midtjylland.danmarksveteraner.dk\/wordpress\/wp-content\/uploads\/2020\/10\/2020-09-23-13.59.41-1024x576.jpg 1024w, https:\/\/midtjylland.danmarksveteraner.dk\/wordpress\/wp-content\/uploads\/2020\/10\/2020-09-23-13.59.41-768x432.jpg 768w, https:\/\/midtjylland.danmarksveteraner.dk\/wordpress\/wp-content\/uploads\/2020\/10\/2020-09-23-13.59.41-1536x864.jpg 1536w, https:\/\/midtjylland.danmarksveteraner.dk\/wordpress\/wp-content\/uploads\/2020\/10\/2020-09-23-13.59.41-2048x1152.jpg 2048w\" sizes=\"(max-width: 300px) 100vw, 300px\" \/><\/a><\/td><td class=\"column-2\"><a href=\"https:\/\/midtjylland.danmarksveteraner.dk\/wordpress\/wp-content\/uploads\/2020\/10\/2020-09-23-14.01.46-scaled.jpg\"><img loading=\"lazy\" decoding=\"async\" src=\"https:\/\/midtjylland.danmarksveteraner.dk\/wordpress\/wp-content\/uploads\/2020\/10\/2020-09-23-14.01.46-300x169.jpg\" alt=\"\" width=\"300\" height=\"169\" class=\"alignnone size-medium wp-image-3878\" srcset=\"https:\/\/midtjylland.danmarksveteraner.dk\/wordpress\/wp-content\/uploads\/2020\/10\/2020-09-23-14.01.46-300x169.jpg 300w, https:\/\/midtjylland.danmarksveteraner.dk\/wordpress\/wp-content\/uploads\/2020\/10\/2020-09-23-14.01.46-1024x576.jpg 1024w, https:\/\/midtjylland.danmarksveteraner.dk\/wordpress\/wp-content\/uploads\/2020\/10\/2020-09-23-14.01.46-768x432.jpg 768w, https:\/\/midtjylland.danmarksveteraner.dk\/wordpress\/wp-content\/uploads\/2020\/10\/2020-09-23-14.01.46-1536x864.jpg 1536w, https:\/\/midtjylland.danmarksveteraner.dk\/wordpress\/wp-content\/uploads\/2020\/10\/2020-09-23-14.01.46-2048x1152.jpg 2048w\" sizes=\"(max-width: 300px) 100vw, 300px\" \/><\/a><\/td>\n<\/tr>\n<tr class=\"row-3\">\n\t<td class=\"column-1\"><a href=\"https:\/\/midtjylland.danmarksveteraner.dk\/wordpress\/wp-content\/uploads\/2020\/10\/2020-09-23-14.02.19-scaled.jpg\"><img loading=\"lazy\" decoding=\"async\" src=\"https:\/\/midtjylland.danmarksveteraner.dk\/wordpress\/wp-content\/uploads\/2020\/10\/2020-09-23-14.02.19-300x169.jpg\" alt=\"\" width=\"300\" height=\"169\" class=\"alignnone size-medium wp-image-3879\" srcset=\"https:\/\/midtjylland.danmarksveteraner.dk\/wordpress\/wp-content\/uploads\/2020\/10\/2020-09-23-14.02.19-300x169.jpg 300w, https:\/\/midtjylland.danmarksveteraner.dk\/wordpress\/wp-content\/uploads\/2020\/10\/2020-09-23-14.02.19-1024x576.jpg 1024w, https:\/\/midtjylland.danmarksveteraner.dk\/wordpress\/wp-content\/uploads\/2020\/10\/2020-09-23-14.02.19-768x432.jpg 768w, https:\/\/midtjylland.danmarksveteraner.dk\/wordpress\/wp-content\/uploads\/2020\/10\/2020-09-23-14.02.19-1536x864.jpg 1536w, https:\/\/midtjylland.danmarksveteraner.dk\/wordpress\/wp-content\/uploads\/2020\/10\/2020-09-23-14.02.19-2048x1152.jpg 2048w\" sizes=\"(max-width: 300px) 100vw, 300px\" \/><\/a><\/td><td class=\"column-2\"><\/td>\n<\/tr>\n<\/tbody>\n<\/table>\n<!-- #tablepress-63 from cache -->\n<p>&#8212;&#8212;&#8212;&#8212;&#8212;&#8212;&#8212;&#8212;&#8212;&#8212;&#8212;&#8212;&#8212;&#8212;&#8212;&#8212;&#8212;&#8212;&#8212;&#8212;&#8212;&#8212;&#8212;&#8212;&#8212;&#8212;&#8212;&#8212;&#8212;&#8212;&#8212;&#8212;&#8212;&#8212;&#8212;&#8212;&#8212;&#8212;&#8212;&#8212;&#8212;&#8212;&#8212;&#8212;&#8212;&#8212;&#8212;&#8212;&#8212;&#8212;&#8212;&#8212;&#8211;<\/p>\n<p>S\u00e5 starter efter\u00e5rets bowling op:<\/p>\n<p style=\"font-weight: 400;\">H\u00e5ber i alle &amp; jeres familie har det godt i disse tider, nu er de begyndt at \u00e5bne for bowling hallerne igen, s\u00e5 jeg h\u00e5ber i alle er klar igen til at starte op til efter\u00e5ret p\u00e5 en FRISK. P\u00e5 nuv\u00e6rende tidspunkt har vi afsat den f\u00f8rste gang i Ebeltoft BOWLINGCENTER ONSDAG D. 23. SEPTEMBER 2020 KL. 12.00 (m\u00f8detid kl. 11.30 ) spilletid: 12 &#8211; 13.00 og herefter en dejlig middag,\u00a0<\/p>\n<p style=\"font-weight: 400;\">PRIS: pr. pers. 130.- \u00a0( + sko 15.- ) HUSK! Alle kan deltage, hvis ikke man er til Bowling kan man meget gerne v\u00e6re med til vores Hyggemiddag (der finder vi en pris )<\/p>\n<p style=\"font-weight: 400;\">HUSK! at s\u00e6tte kryds i kalenderen, h\u00e5ber at s\u00e5 mange som muligt kan deltage, s\u00e5 send en TILMELDING gerne SENEST ONSDAG D. 16. SEPT. 20,<\/p>\n<p style=\"font-weight: 400;\">MAIL:\u00a0<a href=\"mailto:hugoilse@saxild.dk\">hugoilse@saxild.dk<\/a>\u00a0el. mobil nr. 26 87 02 11 &#8211; 40 63 01 82<\/p>\n<p style=\"font-weight: 400;\">Ilse &amp; jeg \u00f8nsker jer alle en rigtig god sommer,<\/p>\n<p style=\"font-weight: 400;\">mvh. Hugo<\/p>\n<p>\u00a0<\/p>\n<p><del>Hermed er datoerne for resten af for\u00e5ret 20 til Bowling Hygge komsammen,<\/del><\/p>\n<p><del>L\u00d8RDAG D. 28. Marts 20 KL. 11.00 ( m\u00f8detid 10.30 ) i ODDER BOWLINGCENTERER herefter middag\/kaffe,<\/del> \u00a0 \u00a0\u00a0 <strong>AFLYST<\/strong><\/p>\n<p><del>ONSDAG D. 29. APRIL 20 KL. 12.00 ( m\u00f8detid kl. 11.30 ) i EBELTOFT BOWLINGTCENTERER herefter middag\/kaffe,\u00a0<\/del> \u00a0 \u00a0 <strong>AFLYST<\/strong><\/p>\n<p><del>ONSDAG D. 10. JUNI 20 KL. 11.00 ( m\u00f8detid kl. 10.30 )SOMMERAFSLUTNING i SILKEBORG BOWLINGCENTRER, HEREFTER K\u00d8RER VI SELV NED I INDELUKKET OG SPISER VORES MEDBRAGTE MADKURV<\/del><br \/><del>OG HEREFTER SPILLER VI EN GANG MINI GOLF (som sidst \u00e5r ) DE HAR LOVET GODT VEJR!!!<\/del>\u00a0 \u00a0 \u00a0 \u00a0 \u00a0<strong>AFLYST<\/strong><\/p>\n<p><del>H\u00e5ber p\u00e5 at der er s\u00e5 mange som muligt der kan deltage p\u00e5 disse datoer,<\/del><\/p>\n<p><del>TILMELDING: SENEST 8 dage f\u00f8r disse datoer, P\u00c5 FORH\u00c5ND TAK, TILM. Til Hugo B\u00e6k, mail: hugoilse@saxild.dk eller mobil: 26 87 02 11<\/del><\/p>\n<p><del>Jeg gl\u00e6der mig til at h\u00f8rer fra jer,<\/del><\/p>\n<p><del>mvh. Hugo B\u00e6k<\/del><\/p>\n<p>&#8212;&#8212;&#8212;&#8212;&#8212;&#8212;&#8212;&#8212;&#8212;&#8212;&#8212;&#8212;&#8212;&#8212;&#8212;&#8212;&#8212;&#8212;<\/p>\n<p>Ja&#8217; s\u00e5 er tiden inde til at tilmelde sig til FN-VETERAN BOWLING i Odense L\u00d8RDAG D. 7. Marts 2020 kl. ( m\u00f8detid senest kl. 11.30 )<br \/>S\u00e5 Dem som gerne vil med, skal tilmelde sig ret hurtigt, da De siger der er rift om pladserne i \u00e5r,<br \/>man skal selv s\u00f8rge for transport k\u00f8rsel (sammenk\u00f8rsel ) man kan s\u00f8ge om k\u00f8rsels godtg\u00f8relse,<br \/>middag &amp; kaffe er GRATIS, s\u00e5 det kan ikke g\u00f8res billigere, s\u00e5 lad mig f\u00e5 en tilbagemelding fra jer,<\/p>\n<p>mvh. Hugo B\u00e6k<\/p>\n<p>Tak for sidst, Ilse &amp; jeg vil hermed \u00f8nske jer &amp; jeres familie en RIGTIG GL\u00c6DELIG JUL samt et LYKKEBRINGENDE NYT\u00c5R, h\u00e5ber vi ses alle i det nye \u00e5r til en gang HYGGEBOWLING,<br \/>Vi starter op i Hammel L\u00d8RDAG D. 29. FEBRUAR 2020 KL. 11.00 ( 10.30 ) s\u00e5 i kan godt s\u00e6tte kryds i kalenderen, jeg skal nok sende en mail rundt igen en gang i JANUAR mdr.<br \/>Vi har bestilt DAGENS RET, der er et par stykker som ikke spiser s\u00e5 meget, s\u00e5 har Verner aftalt med Dem at de m\u00e5 f\u00e5 det til halv pris, ( rigtig flot )<\/p>\n<p>Mange JULE HILSNER FRA<br \/>Ilse &amp; Hugo<\/p>\n<p><strong>Onsdag d. 20. november<\/strong><\/p>\n<p>Vi var i Silkeborg og spille bowling onsdag d. 20. nov. 19, hvor vi startede med en times spil og herefter var vi oppe og nyde den store GRILL-BUFFET, som var rigt l\u00e6kkert som altid, vi havde nogle rigtige hyggelige timer sammen, ang. resultater og uddeling af pr\u00e6mier, lavede vi det lidt anderledes som Julemanden havde sagt vi skulle pr\u00f8ve, s\u00e5 det gjorde vi, vi kom alle resultatlisterne op i en pose, hvor s\u00e5 der blev trukket lod, s\u00e5 fik vi fordelt de p\u00e6ne pr\u00e6mier til andre personer end det plejer, s\u00e5 m\u00e5 vi se hva&#8217; Julemanden siger til n\u00e6ste \u00e5r.<br \/>Der var 4 pr\u00e6mier i hver r\u00e6kke ( damer &amp; herrer ), s\u00e5 hermed vil vi \u00f8nske alle et rigtig godt NYT\u00c5R,<\/p>\n<p>Resultaterne kommer her, men det var alts\u00e5 ikke dem som vandt pr\u00e6mierne.<\/p>\n<p>DAMER:<br \/>nr. 1 Bodil Hesselbjerg 334 kegler<br \/>nr. 2 Ilse B\u00e6k 295 kegler<br \/>nr. 3 Anne Thuesen 254 kegler<\/p>\n<p>HERRER:<br \/>nr. 1 Verner Hansen 334 kegler<br \/>nr. 2 Hugo B\u00e6k 326 kegler<br \/>nr. 3 Aage Madsen 288 kegler<\/p>\n<p>mvh. Hugo B\u00e6k<\/p>\n<p><strong>L\u00f8rdag d. 26. oktober<\/strong><\/p>\n<p>FN-Bowling i Hammel L\u00f8rdag d. 26\/10-19 kl. 11.00 efter spillet fik vi en dejlig buffet ta&#8217; selv bord, vi havde en rigtig dejlig dag, vi var 18 deltagere.<\/p>\n<p>Resultater:<br \/>DAMER: nr. 1. Bodil Hesselbjerg med 286 kegler<br \/>nr. 2. Inga Hansen,\u00a0 266 kegler<br \/>nr. 3. Anne Thuesen,\u00a0 243 kegler<\/p>\n<p>HERRER: 1. Verner Hansen med 330 kegler<br \/>nr. 2. Richard Hesselbjerg,\u00a0 267 kegler<br \/>nr. 3. Per Hjortsh\u00f8j,\u00a0 254 kegler<\/p>\n<h6>L\u00f8rdag d. 28. september,<\/h6>\n<p>Vi startede med at spille fra kl. 11.00 &#8211; 12.00 og herefter fik vi en dejlig middag m\/ is til<br \/>Dessert og hyggesnak, alt i alt en rigtig god dag som altid.<br \/>Resultater:<br \/>Damer: nr. 1 -Bodil Hesselbjerg med 314 kegler<br \/>&#8220;. &#8220;. 2 &#8211; Anne Thuesen med 300 kegler<br \/>&#8220;. &#8220;. 3 &#8211; Ilse B\u00e6k med 228 kegler<\/p>\n<p>Herrer: nr. 1. Verner Hansen med 369 kegler<br \/>&#8220;. &#8220;. 2. Richards Hesselbjerg med 310 kegler<br \/>&#8220;. &#8220;. 3. Vagn Thomsen med 287 kegler<\/p>\n<p>&#8212;&#8212;&#8212;&#8212;&#8212;&#8212;&#8212;&#8212;&#8212;&#8212;&#8212;&#8212;&#8212;&#8212;&#8212;&#8212;&#8212;&#8212;&#8212;&#8212;&#8212;&#8212;&#8212;&#8212;&#8212;&#8212;&#8212;&#8212;&#8212;&#8212;&#8212;&#8212;&#8212;&#8211;<\/p>\n<p>Onsdag d. 19. Juni havde vi vores sommerafslutning i bowling i Silkeborg Bowlingcenter, hvor vi spillede i en time hvor efter vi k\u00f8rte ned i Indelukket i Silkeborg med vores medbragte mad. Der havde vi f\u00e5et reserveret borde ved minigolf banen, vi n\u00f8d vores medbragte mad og en lille en til halsen i et par timer, hvor efter vi spillede minigolf (rigtig hyggeligt )<br \/>I \u00e5r var vi rigtig heldig med dejlig solskins vejr, efter minigolfen fik vi kaffe og hyggede os igen, s\u00e5 alt i alt en rigtig dejlig og hyggelig dag ( 18 deltager )<\/p>\n<p>Resultater:<\/p>\n<p>Bowling: Damer:<\/p>\n<p>Nr. 1, Bodil Hesselbjerg 341 kegler<br \/>Nr.\u00a0 2,\u00a0 Ilse B\u00e6k 328 kegler<br \/>Nr. 3,\u00a0 Anne Thuesen 313 kegler<\/p>\n<p>Herrer:<\/p>\n<p>Nr. 1, Richardt Hesselbjerg 324 kegler<br \/>Nr. 2, J\u00f8rgen Clausen 298 kegler<br \/>Nr. 3, Hugo B\u00e6k 280 kegler<\/p>\n<p>Minigolf: Nr. 1 Richardt Hesselbjerg<br \/>Nr. 2. Hugo B\u00e6k<br \/>Nr. 3. J\u00f8rgen Clausen<\/p>\n<p>Vi starter op igen sidst i September ( dato ikke fast lagt )<\/p>\n<p>mvh. Hugo B\u00e6k<\/p>\n<p>&#8212;&#8212;&#8212;&#8212;&#8212;&#8212;&#8212;&#8212;&#8212;&#8212;&#8212;&#8212;&#8212;&#8212;&#8212;&#8212;&#8212;&#8212;&#8212;&#8212;&#8212;&#8212;&#8212;&#8212;&#8212;&#8212;&#8212;&#8212;&#8212;&#8212;&#8212;&#8212;&#8212;&#8212;&#8212;&#8212;&#8211;<\/p>\n<p>Tak for sidst i Ebeltoft, jeg h\u00e5ber i alle har sat et kryds i kalenderen til vores SOMMERAFSLUTNING i bowling\/minigolf i juni m\u00e5ned,<br \/>DATO: ONSDAG D. 19. JUNI 2019<br \/>TID: KL. 11.00 -12.00 ( m\u00f8detid 10.30 )<br \/>STED: SILKEBORG BOWLINGCENTER<br \/>SPISNING: VI HAR VORES MEDBRAGTE MAD\/drikkevarer ( der er reserveret borde\/b\u00e6nke,<br \/>EFTER VI HAR SPIST VORES MEDBRAGTE MAD, PR\u00d8VER VI NOGET NYT I \u00c5R, VI TAR&#8217; ET SPIL MINIGOLF, H\u00c5BER AT ALLE VIL DELTAGE I DETTE OGS\u00c5!!! ( banerne er bestilt )<br \/>STED: MINIGOLF &#8211; INDELUKKET ADR. \u00c5HAVE ALLE&#8217; 9 i SILKEBORG lige ned til vandet\/lystb\u00e5de, ( selvf\u00f8lgelig har vi godt vejr )<br \/>VI K\u00d8RER SAMLET FRA BOWLINGHALLEN OG NED I INDELUKKET,<br \/>PRIS: PR. PERS. KUN ca. 115.00 kr. incl. BOWLING \/MINIGOLF.<br \/>SKOLEJE: PR. PERS. 18.00 kr.<br \/>Vil i g\u00f8re mig den tjeneste sende jeres tilm. mail el. mobilen SENEST D. S\u00d8NDAG D. 2. JUNI 19 KL. 18.00 (hugoilse@saxild.dk &#8211; 26 87 02 11 )<br \/>mvh. Hugo B\u00e6k<\/p>\n<p>S\u00e5 har vi v\u00e6ret til Hyggebowling i Ebeltoft Bowlingcenter onsdag d. 8. maj 2019 fra kl. 12.00-13.00 og herefter spiste vi en dejlig gryderet herefter sluttede vi af med en kop kaffe<br \/>hvor vi sad og hyggesnakkede i et par timer, vi var 18 deltager i alt.<\/p>\n<p>resultater:<br \/>Damer: Nr.1 &#8211; Dorthe Jensen ( fl. vin ), 2.\u00a0\u00a0 Inga Hansen, 3.\u00a0 Ellen Clausen. \u00a0 Herrer: NR. 1. J\u00f8rgen Clausen ( fl. vin ), 2. Hans Pallesen, 3. Per Hjortsh\u00f8j.<\/p>\n<p><strong>N\u00e6ste gang<\/strong> vi m\u00f8des til hyggebowling er det den sidste gang her i for\u00e5ret som vi kalder Sommerafslutning:<br \/>DATO: D. 19. JUNI 2019<br \/>KL. 11.00 &#8211; 12.00 (m\u00f8detid kl. 10.30 )<br \/>STED: Silkeborg Bowlingcenter.<br \/>SPISNING: Vi har hver is\u00e6r vores madkurv\/drikkevare med,<br \/>N\u00e5r vi er f\u00e6rdig med Bowling k\u00f8rer vi i vores private biler ned i INDELUKKET hvor vi spiser vores medbragte mad, efter spisning spiller vi en gang minigolf hvor vi ogs\u00e5 hygger os,<br \/>(vi har bestilt godt vejr )<br \/>PRIS: pr. pers. bliver kun: 115.00 kr. ( ekls. sko )<br \/>TILM. Meget gerne senest mandag d. d. 3. Juni 19 kl. 12.00 til Hugo B\u00e6k, mail: hugoilse@saxild.dk eller mobil: 26 87 02 11.<\/p>\n<p>mvh. Hugo B\u00e6k<\/p>\n<p>N\u00e6ste gang vi skal m\u00f8des til HYGGE &#8211; BOWLING er i Ebeltoft,<\/p>\n<p>DATO: ONSDAG D. 8. MAJ 2019<br \/>TID: KL. 12.00 ( M\u00f8detid kl. 11.30 ) Der spilles fra kl. 12.-13.00<br \/>PRIS: 120.- kr. Pr. Pers. ( incl. bowling &amp; middag + kaffe )<\/p>\n<p>Meget gerne tilm. SENEST ONSDAG D. 24. APRIL 2019 KL. 18.00 TIL HUGO B\u00c6K,<br \/>MAIL: hugoilse@saxild.dk eller mobil: 26 87 02 11.<\/p>\n<p>L\u00d8RDAG D. 9. Marts 2019 afholdtes det \u00e5rlige DM Bowling i Odense Bowling Center.<\/p>\n<p>Af de 31 deltagere deltog 8 spillere fra Midtjylland, som havde en rigtig hyggelig dag med en dejlig middag. P\u00e5 spindesiden deltog Ilse B\u00e6k og Bodil Hesselbjerg, og Bodil var h\u00f8jestscorende blandt damerne. I hold konkurrencen blev det til en 2. plads til Vagn Thomsen og Hugo B\u00e6k, en 3. plads til Richard Hesselbjerg &amp; J\u00f8rgen Damsg\u00e5rd og en 4. plads til Per Hjortsh\u00f8j &amp; Niels Ole Piil. Individuelt blev Richard Hesselbjerg nr. 3. \u00a0 \u00a0 \u00a0 \u00a0 \u00a0 \u00a0 \u00a0 Tillykke med resultaterne.<\/p>\n<p>Mvh Hugo B\u00e6k.<\/p>\n<hr \/>\n<p>L\u00f8rdag d. 23. marts m\u00f8dtes vi i Odder Bowling Center til en omgang hyggebowling. Vi var 16 deltagere og efter bowling fik vi et par gode retter efterfulgt af kaffe. Resultaterne blev for damer: Bodil Hesselbjerg 303 kegler, Anne Thuesen 287, Inga Hansen, 267. Hos herrerne: Richard Hesselbjerg 329 kegler, Vagn Thomsen 300, Hugo B\u00e6k 294.<\/p>\n<p>,,,,,,,,,,,,,,,,,,,,,,,,,,,,,,,,,,,,,,,,,,,,,,,,,,,,,,,,,,,,,,,,,,,,,,,,,,,,,,,,,,,,,,,,,,,,,,,,,,,,,,,,,,,,,,,,,,,,,,,,,,,,,,,,,,,,,,,,,,,,<\/p>\n<p>L\u00f8rdag d. 23. Feb. 2019 startede vi for\u00e5ret op med Hyggebowling i Hammel Kl. 11.00 med efterf\u00f8lgende dejlig dagens ret m\/ kaffe, samt et par timers hyggesnak,<br \/>vi siger alle hermed TAK til Verner Hansen for hans STORE rabat p\u00e5 banerne,<\/p>\n<p>F\u00f8lgende resultater:<br \/>DAMER:NR. 1: Bodil Hesselbjerg 299 kegler<br \/>2: Anne Thuesen 253 &#8220;<br \/>3: Inga Hansen 249 &#8220;<br \/>HERRER:NR. 1: Verner Hansen 361 &#8220;<br \/>2: Hugo B\u00e6k 305 &#8220;<br \/>3: Vagn Thomsen 289 &#8220;<\/p>\n<p>( m\u00f8detid kl. 10.30 ). Tilm. gerne senest 8 dage f\u00f8r den fastlagte dato til Hugo B\u00e6k, mail: hugoilse@saxild.dk el. mobil: 26870211<\/p>\n\n\n<p><\/p>\n","protected":false},"excerpt":{"rendered":"<p>\u00a0 FN-HYGGEBOWLING i Odder L\u00f8rdag d. 17. Oktober fra kl. 11.00. Efter vores Bowling spil indtog vi en dejlig middag<\/p>\n","protected":false},"author":2,"featured_media":0,"parent":145,"menu_order":0,"comment_status":"closed","ping_status":"closed","template":"","meta":{"colormag_page_container_layout":"default_layout","colormag_page_sidebar_layout":"default_layout","footnotes":""},"class_list":["post-1017","page","type-page","status-publish","hentry"],"_links":{"self":[{"href":"https:\/\/midtjylland.danmarksveteraner.dk\/wordpress\/index.php?rest_route=\/wp\/v2\/pages\/1017"}],"collection":[{"href":"https:\/\/midtjylland.danmarksveteraner.dk\/wordpress\/index.php?rest_route=\/wp\/v2\/pages"}],"about":[{"href":"https:\/\/midtjylland.danmarksveteraner.dk\/wordpress\/index.php?rest_route=\/wp\/v2\/types\/page"}],"author":[{"embeddable":true,"href":"https:\/\/midtjylland.danmarksveteraner.dk\/wordpress\/index.php?rest_route=\/wp\/v2\/users\/2"}],"replies":[{"embeddable":true,"href":"https:\/\/midtjylland.danmarksveteraner.dk\/wordpress\/index.php?rest_route=%2Fwp%2Fv2%2Fcomments&post=1017"}],"version-history":[{"count":79,"href":"https:\/\/midtjylland.danmarksveteraner.dk\/wordpress\/index.php?rest_route=\/wp\/v2\/pages\/1017\/revisions"}],"predecessor-version":[{"id":3884,"href":"https:\/\/midtjylland.danmarksveteraner.dk\/wordpress\/index.php?rest_route=\/wp\/v2\/pages\/1017\/revisions\/3884"}],"up":[{"embeddable":true,"href":"https:\/\/midtjylland.danmarksveteraner.dk\/wordpress\/index.php?rest_route=\/wp\/v2\/pages\/145"}],"wp:attachment":[{"href":"https:\/\/midtjylland.danmarksveteraner.dk\/wordpress\/index.php?rest_route=%2Fwp%2Fv2%2Fmedia&parent=1017"}],"curies":[{"name":"wp","href":"https:\/\/api.w.org\/{rel}","templated":true}]}}