{"id":1020,"date":"2017-03-11T17:36:21","date_gmt":"2017-03-11T16:36:21","guid":{"rendered":"http:\/\/midtjylland.danmarksveteraner.dk\/wordpress\/?page_id=1020"},"modified":"2019-08-03T11:43:55","modified_gmt":"2019-08-03T09:43:55","slug":"skydning","status":"publish","type":"page","link":"https:\/\/midtjylland.danmarksveteraner.dk\/wordpress\/?page_id=1020","title":{"rendered":"Skydning Lyseng"},"content":{"rendered":"<h5>2019\/20<\/h5>\n<p>Der er opstart p\u00e5 den nye s\u00e6son onsdag d. 4. september 2019 p\u00e5 skydebanerne i Lyseng.<\/p>\n<p>Interesserede kan kontakte Ole Piil, tlf.: 86296473 \/ 20581373, eller mail:\u00a0<a href=\"nopiil13@gmail.com\">nopiil13@gmail.com<\/a><\/p>\n<h5>2018\/19<\/h5>\n<p>S\u00e6sonens skydning p\u00e5 Lyseng skydebaner er afsluttet med pokaloverr\u00e6kkelse p\u00e5 Grimh\u00f8jvej den 3. april 2019.<\/p>\n<p>Vores hold 2 opn\u00e5ede en flot 2. plads i handicapturneringen.<\/p>\n<p>Holdet bestod af Leif Jensen, Svend Aage Jensen, Bent Riis, Niels Ole Piil og Egon Br\u00fclle.<\/p>\n<p><a href=\"https:\/\/midtjylland.danmarksveteraner.dk\/wordpress\/wp-content\/uploads\/2019\/04\/20190403_191527.jpg\"><img loading=\"lazy\" decoding=\"async\" class=\"alignnone size-full wp-image-3372\" src=\"https:\/\/midtjylland.danmarksveteraner.dk\/wordpress\/wp-content\/uploads\/2019\/04\/20190403_191527.jpg\" alt=\"\" width=\"4032\" height=\"2268\" \/><\/a><\/p>\n<p>Vi starter igen til september 2019.<\/p>\n<p>Interesserede kan kontakte Ole Piil, tlf.: 20581373, eller mail: <a href=\"mailto:nopiil13@gmail.com\">nopiil13@gmail.com<\/a><\/p>\n","protected":false},"excerpt":{"rendered":"<p>2019\/20 Der er opstart p\u00e5 den nye s\u00e6son onsdag d. 4. september 2019 p\u00e5 skydebanerne i Lyseng. Interesserede kan kontakte<\/p>\n","protected":false},"author":2,"featured_media":0,"parent":145,"menu_order":0,"comment_status":"closed","ping_status":"closed","template":"","meta":{"colormag_page_container_layout":"default_layout","colormag_page_sidebar_layout":"default_layout","footnotes":""},"class_list":["post-1020","page","type-page","status-publish","hentry"],"_links":{"self":[{"href":"https:\/\/midtjylland.danmarksveteraner.dk\/wordpress\/index.php?rest_route=\/wp\/v2\/pages\/1020"}],"collection":[{"href":"https:\/\/midtjylland.danmarksveteraner.dk\/wordpress\/index.php?rest_route=\/wp\/v2\/pages"}],"about":[{"href":"https:\/\/midtjylland.danmarksveteraner.dk\/wordpress\/index.php?rest_route=\/wp\/v2\/types\/page"}],"author":[{"embeddable":true,"href":"https:\/\/midtjylland.danmarksveteraner.dk\/wordpress\/index.php?rest_route=\/wp\/v2\/users\/2"}],"replies":[{"embeddable":true,"href":"https:\/\/midtjylland.danmarksveteraner.dk\/wordpress\/index.php?rest_route=%2Fwp%2Fv2%2Fcomments&post=1020"}],"version-history":[{"count":19,"href":"https:\/\/midtjylland.danmarksveteraner.dk\/wordpress\/index.php?rest_route=\/wp\/v2\/pages\/1020\/revisions"}],"predecessor-version":[{"id":3475,"href":"https:\/\/midtjylland.danmarksveteraner.dk\/wordpress\/index.php?rest_route=\/wp\/v2\/pages\/1020\/revisions\/3475"}],"up":[{"embeddable":true,"href":"https:\/\/midtjylland.danmarksveteraner.dk\/wordpress\/index.php?rest_route=\/wp\/v2\/pages\/145"}],"wp:attachment":[{"href":"https:\/\/midtjylland.danmarksveteraner.dk\/wordpress\/index.php?rest_route=%2Fwp%2Fv2%2Fmedia&parent=1020"}],"curies":[{"name":"wp","href":"https:\/\/api.w.org\/{rel}","templated":true}]}}