{"id":2007,"date":"2017-12-28T15:24:37","date_gmt":"2017-12-28T14:24:37","guid":{"rendered":"http:\/\/midtjylland.danmarksveteraner.dk\/wordpress\/?page_id=2007"},"modified":"2018-01-24T21:54:55","modified_gmt":"2018-01-24T20:54:55","slug":"2017-2","status":"publish","type":"page","link":"https:\/\/midtjylland.danmarksveteraner.dk\/wordpress\/?page_id=2007","title":{"rendered":"2017"},"content":{"rendered":"<p>Julebanko 2017<\/p>\n<p>\u00c5rets traditionsrige julebanko blev afholdt p\u00e5 Grimh\u00f8jvej onsdag d. 6. december 2017<br \/>\nPrimus Motor for bankospillet er kasserer J\u00f8rgen Damsgaard med hj\u00e6lp fra den \u00f8vrige bestyrelse samt Hugo B\u00e6k.<br \/>\nDer blev spillet 18 spil med \u00e6nder, svinekamme, dyreryg, dyrek\u00f8lle m.m. som gevinster.<br \/>\nI pausen havde Leif Jensen og Hugo B\u00e6ks \u00e6gtef\u00e6ller s\u00f8rget for gl\u00f8gg og \u00e6bleskiver til de ca. 70 fremm\u00f8dte<br \/>\nEfter bankospillet blev der afholdt lotterispil med de rigtig mange flotte gevinster.<br \/>\n\n<table id=\"tablepress-41\" class=\"tablepress tablepress-id-41\">\n<thead>\n<tr class=\"row-1\">\n\t<th class=\"column-1\"><a href=\"http:\/\/midtjylland.danmarksveteraner.dk\/wordpress\/wp-content\/uploads\/2017\/12\/2017-12-06-18.59.24-e1512833207682.jpg\"><img loading=\"lazy\" decoding=\"async\" src=\"http:\/\/midtjylland.danmarksveteraner.dk\/wordpress\/wp-content\/uploads\/2017\/12\/2017-12-06-18.59.24-300x225.jpg\" alt=\"\" width=\"300\" height=\"225\" class=\"alignnone size-medium wp-image-1925\" \/><\/a><\/th><th class=\"column-2\"><a href=\"http:\/\/midtjylland.danmarksveteraner.dk\/wordpress\/wp-content\/uploads\/2017\/12\/2017-12-06-18.59.00-e1512833193318.jpg\"><img loading=\"lazy\" decoding=\"async\" src=\"http:\/\/midtjylland.danmarksveteraner.dk\/wordpress\/wp-content\/uploads\/2017\/12\/2017-12-06-18.59.00-300x225.jpg\" alt=\"\" width=\"300\" height=\"225\" class=\"alignnone size-medium wp-image-1924\" \/><\/a><\/th>\n<\/tr>\n<\/thead>\n<tbody class=\"row-striping row-hover\">\n<tr class=\"row-2\">\n\t<td class=\"column-1\"><a href=\"http:\/\/midtjylland.danmarksveteraner.dk\/wordpress\/wp-content\/uploads\/2017\/12\/2017-12-06-18.58.54-e1512833175694.jpg\"><img loading=\"lazy\" decoding=\"async\" src=\"http:\/\/midtjylland.danmarksveteraner.dk\/wordpress\/wp-content\/uploads\/2017\/12\/2017-12-06-18.58.54-300x225.jpg\" alt=\"\" width=\"300\" height=\"225\" class=\"alignnone size-medium wp-image-1923\" \/><\/a><\/td><td class=\"column-2\"><\/td>\n<\/tr>\n<\/tbody>\n<\/table>\n<!-- #tablepress-41 from cache --><br \/>\nOvenp\u00e5 et veloverst\u00e5et julebankospil vil foreningen hermed rette en stor tak til alle de firmaer fra hele det midt- og \u00f8stjyske omr\u00e5de som gennem sponsorgaver gjorde det muligt at afvikle dette \u00e5rlige bankospil til gavn for veteranerne i lokalforeningen.<br \/>\nSponsorer til Julebanko 2017<br \/>\nJysk, Odder &#8211; Skousen, Odder &#8211; Odder Bowlingcenter &#8211; Stark, Odder &#8211; Brandt T\u00e6pper, Odder &#8211; Odder El-service &#8211; Den lille butik, Saxild &#8211; Redoffice, Aarhus C &#8211; SuperBrugsen, Kolt &#8211; Tranbjerg Apotek &#8211; Kvickly, Tranbjerg &#8211; Den Glade Slagter, Tranbjerg &#8211; Genbrugsbutikken, Tranbjerg &#8211; Netto, Tranbjerg &#8211; Fakta, Tranbjerg &#8211; F\u00f8tex, Viby &#8211; Aldi, Viby &#8211; Nordea, Viby &#8211; Bowl\u2019n\u2019Fun, Viby &#8211; Sondrup Bilcenter, Risskov &#8211; Nymann Autodele, Risskov &#8211; Cotton Look, Lystrup &#8211; Lystrup Apotek &#8211; SuperBrugsen, Lystrup &#8211; Eg\u00e5 Slagteren &#8211; Djurslands Bank, Lystrup &#8211; Rema 1000, Silkeborg &#8211; F\u00f8tex, Silkeborg &#8211; Danske Naturtr\u00e6shavem\u00f8bler, Silkeborg &#8211; Sydbank, Silkeborg &#8211; Bowl&#8217;n&#8217;Fun, Silkeborg &#8211; Julemandens Kone, Silkeborg &#8211; Aage Madsen, Silkeborg &#8211; Klip og Sk\u00e6g, Ebeltoft &#8211; Walther, Ebeltoft &#8211; Punkt 1, Ebeltoft &#8211; F\u00f8tex, Ebeltoft &#8211; Fregatten Jylland, Ebeltoft &#8211; Plantorama, Sk\u00e6ring &#8211; Kvickly, Ebeltoft &#8211; Netto, Ebeltoft &#8211; Park Hotel, Ebeltoft &#8211; Aldi, Ebeltoft &#8211; Thomas Dahl, Ebeltoft &#8211; Aarhus United (billetter fra medlem) &#8211; Food-House, Tirstrup &#8211; Spis og Bowl, Ebeltoft &#8211; Bowling Inside, Hammel &#8211; Dagli\u2019Brugsen, Tirstrup &#8211; Stark, R\u00f8nde<\/p>\n","protected":false},"excerpt":{"rendered":"<p>Julebanko 2017 \u00c5rets traditionsrige julebanko blev afholdt p\u00e5 Grimh\u00f8jvej onsdag d. 6. december 2017 Primus Motor for bankospillet er kasserer<\/p>\n","protected":false},"author":2,"featured_media":0,"parent":46,"menu_order":2,"comment_status":"closed","ping_status":"closed","template":"","meta":{"colormag_page_container_layout":"default_layout","colormag_page_sidebar_layout":"default_layout","footnotes":""},"class_list":["post-2007","page","type-page","status-publish","hentry"],"_links":{"self":[{"href":"https:\/\/midtjylland.danmarksveteraner.dk\/wordpress\/index.php?rest_route=\/wp\/v2\/pages\/2007"}],"collection":[{"href":"https:\/\/midtjylland.danmarksveteraner.dk\/wordpress\/index.php?rest_route=\/wp\/v2\/pages"}],"about":[{"href":"https:\/\/midtjylland.danmarksveteraner.dk\/wordpress\/index.php?rest_route=\/wp\/v2\/types\/page"}],"author":[{"embeddable":true,"href":"https:\/\/midtjylland.danmarksveteraner.dk\/wordpress\/index.php?rest_route=\/wp\/v2\/users\/2"}],"replies":[{"embeddable":true,"href":"https:\/\/midtjylland.danmarksveteraner.dk\/wordpress\/index.php?rest_route=%2Fwp%2Fv2%2Fcomments&post=2007"}],"version-history":[{"count":4,"href":"https:\/\/midtjylland.danmarksveteraner.dk\/wordpress\/index.php?rest_route=\/wp\/v2\/pages\/2007\/revisions"}],"predecessor-version":[{"id":2069,"href":"https:\/\/midtjylland.danmarksveteraner.dk\/wordpress\/index.php?rest_route=\/wp\/v2\/pages\/2007\/revisions\/2069"}],"up":[{"embeddable":true,"href":"https:\/\/midtjylland.danmarksveteraner.dk\/wordpress\/index.php?rest_route=\/wp\/v2\/pages\/46"}],"wp:attachment":[{"href":"https:\/\/midtjylland.danmarksveteraner.dk\/wordpress\/index.php?rest_route=%2Fwp%2Fv2%2Fmedia&parent=2007"}],"curies":[{"name":"wp","href":"https:\/\/api.w.org\/{rel}","templated":true}]}}