{"id":2109,"date":"2018-01-31T22:56:33","date_gmt":"2018-01-31T21:56:33","guid":{"rendered":"http:\/\/midtjylland.danmarksveteraner.dk\/wordpress\/?page_id=2109"},"modified":"2018-01-31T22:59:55","modified_gmt":"2018-01-31T21:59:55","slug":"2109-2","status":"publish","type":"page","link":"https:\/\/midtjylland.danmarksveteraner.dk\/wordpress\/?page_id=2109","title":{"rendered":"\u00c5bning af Veterancaf\u00e9"},"content":{"rendered":"<p>\u00c5bning af Veterancaf\u00e9 i Aarhus<br \/>\nDen 11. november 2016 \u00e5bnede endnu en veterancaf\u00e9. Denne gang i Carl Blochsgade i Aarhus.<br \/>\n\n<table id=\"tablepress-9\" class=\"tablepress tablepress-id-9\">\n<thead>\n<tr class=\"row-1\">\n\t<th class=\"column-1\"><a href=\"http:\/\/midtjylland.danmarksveteraner.dk\/wordpress\/wp-content\/uploads\/2016\/11\/WP_20161114_14_58_46_Refocus-3-1.jpg\"><img loading=\"lazy\" decoding=\"async\" src=\"http:\/\/midtjylland.danmarksveteraner.dk\/wordpress\/wp-content\/uploads\/2016\/11\/WP_20161114_14_58_46_Refocus-3-1-300x179.jpg\" alt=\"\" width=\"300\" height=\"179\" class=\"alignnone size-medium wp-image-520\" srcset=\"https:\/\/midtjylland.danmarksveteraner.dk\/wordpress\/wp-content\/uploads\/2016\/11\/WP_20161114_14_58_46_Refocus-3-1-300x179.jpg 300w, https:\/\/midtjylland.danmarksveteraner.dk\/wordpress\/wp-content\/uploads\/2016\/11\/WP_20161114_14_58_46_Refocus-3-1-768x457.jpg 768w, https:\/\/midtjylland.danmarksveteraner.dk\/wordpress\/wp-content\/uploads\/2016\/11\/WP_20161114_14_58_46_Refocus-3-1.jpg 884w\" sizes=\"(max-width: 300px) 100vw, 300px\" \/><\/a><\/th><th class=\"column-2\"><a href=\"http:\/\/midtjylland.danmarksveteraner.dk\/wordpress\/wp-content\/uploads\/2016\/11\/WP_20161114_14_59_38_Refocus-2-1.jpg\"><img loading=\"lazy\" decoding=\"async\" src=\"http:\/\/midtjylland.danmarksveteraner.dk\/wordpress\/wp-content\/uploads\/2016\/11\/WP_20161114_14_59_38_Refocus-2-1-300x121.jpg\" alt=\"\" width=\"300\" height=\"121\" class=\"alignnone size-medium wp-image-521\" srcset=\"https:\/\/midtjylland.danmarksveteraner.dk\/wordpress\/wp-content\/uploads\/2016\/11\/WP_20161114_14_59_38_Refocus-2-1-300x121.jpg 300w, https:\/\/midtjylland.danmarksveteraner.dk\/wordpress\/wp-content\/uploads\/2016\/11\/WP_20161114_14_59_38_Refocus-2-1-768x309.jpg 768w, https:\/\/midtjylland.danmarksveteraner.dk\/wordpress\/wp-content\/uploads\/2016\/11\/WP_20161114_14_59_38_Refocus-2-1-1024x412.jpg 1024w, https:\/\/midtjylland.danmarksveteraner.dk\/wordpress\/wp-content\/uploads\/2016\/11\/WP_20161114_14_59_38_Refocus-2-1.jpg 1241w\" sizes=\"(max-width: 300px) 100vw, 300px\" \/><\/a><\/th>\n<\/tr>\n<\/thead>\n<tbody class=\"row-striping row-hover\">\n<tr class=\"row-2\">\n\t<td class=\"column-1\"><a href=\"http:\/\/midtjylland.danmarksveteraner.dk\/wordpress\/wp-content\/uploads\/2016\/11\/14947601_1061648443957442_7039645274444691394_n.jpg\"><img loading=\"lazy\" decoding=\"async\" src=\"http:\/\/midtjylland.danmarksveteraner.dk\/wordpress\/wp-content\/uploads\/2016\/11\/14947601_1061648443957442_7039645274444691394_n-300x225.jpg\" alt=\"14947601_1061648443957442_7039645274444691394_n\" width=\"300\" height=\"225\" class=\"alignnone size-medium wp-image-515\" srcset=\"https:\/\/midtjylland.danmarksveteraner.dk\/wordpress\/wp-content\/uploads\/2016\/11\/14947601_1061648443957442_7039645274444691394_n-300x225.jpg 300w, https:\/\/midtjylland.danmarksveteraner.dk\/wordpress\/wp-content\/uploads\/2016\/11\/14947601_1061648443957442_7039645274444691394_n-768x576.jpg 768w, https:\/\/midtjylland.danmarksveteraner.dk\/wordpress\/wp-content\/uploads\/2016\/11\/14947601_1061648443957442_7039645274444691394_n.jpg 960w\" sizes=\"(max-width: 300px) 100vw, 300px\" \/><\/a><\/td><td class=\"column-2\"><a href=\"http:\/\/midtjylland.danmarksveteraner.dk\/wordpress\/wp-content\/uploads\/2016\/11\/WP_20161111_16_14_47_Pro-1-1.jpg\"><img loading=\"lazy\" decoding=\"async\" src=\"http:\/\/midtjylland.danmarksveteraner.dk\/wordpress\/wp-content\/uploads\/2016\/11\/WP_20161111_16_14_47_Pro-1-1-300x169.jpg\" alt=\"wp_20161111_16_14_47_pro-1\" width=\"300\" height=\"169\" class=\"alignnone size-medium wp-image-519\" srcset=\"https:\/\/midtjylland.danmarksveteraner.dk\/wordpress\/wp-content\/uploads\/2016\/11\/WP_20161111_16_14_47_Pro-1-1-300x169.jpg 300w, https:\/\/midtjylland.danmarksveteraner.dk\/wordpress\/wp-content\/uploads\/2016\/11\/WP_20161111_16_14_47_Pro-1-1-768x432.jpg 768w, https:\/\/midtjylland.danmarksveteraner.dk\/wordpress\/wp-content\/uploads\/2016\/11\/WP_20161111_16_14_47_Pro-1-1-1024x576.jpg 1024w, https:\/\/midtjylland.danmarksveteraner.dk\/wordpress\/wp-content\/uploads\/2016\/11\/WP_20161111_16_14_47_Pro-1-1.jpg 1277w\" sizes=\"(max-width: 300px) 100vw, 300px\" \/><\/a><\/td>\n<\/tr>\n<tr class=\"row-3\">\n\t<td class=\"column-1\"><a href=\"http:\/\/midtjylland.danmarksveteraner.dk\/wordpress\/wp-content\/uploads\/2016\/11\/14991915_1064852890303664_399328767384635265_n.jpg\"><img loading=\"lazy\" decoding=\"async\" src=\"http:\/\/midtjylland.danmarksveteraner.dk\/wordpress\/wp-content\/uploads\/2016\/11\/14991915_1064852890303664_399328767384635265_n-300x225.jpg\" alt=\"14991915_1064852890303664_399328767384635265_n\" width=\"300\" height=\"225\" class=\"alignnone size-medium wp-image-516\" srcset=\"https:\/\/midtjylland.danmarksveteraner.dk\/wordpress\/wp-content\/uploads\/2016\/11\/14991915_1064852890303664_399328767384635265_n-300x225.jpg 300w, https:\/\/midtjylland.danmarksveteraner.dk\/wordpress\/wp-content\/uploads\/2016\/11\/14991915_1064852890303664_399328767384635265_n-768x576.jpg 768w, https:\/\/midtjylland.danmarksveteraner.dk\/wordpress\/wp-content\/uploads\/2016\/11\/14991915_1064852890303664_399328767384635265_n.jpg 960w\" sizes=\"(max-width: 300px) 100vw, 300px\" \/><\/a><\/td><td class=\"column-2\"><a href=\"http:\/\/midtjylland.danmarksveteraner.dk\/wordpress\/wp-content\/uploads\/2016\/11\/15094342_1064852703637016_2921678211909960963_n.jpg\"><img loading=\"lazy\" decoding=\"async\" src=\"http:\/\/midtjylland.danmarksveteraner.dk\/wordpress\/wp-content\/uploads\/2016\/11\/15094342_1064852703637016_2921678211909960963_n-300x225.jpg\" alt=\"15094342_1064852703637016_2921678211909960963_n\" width=\"300\" height=\"225\" class=\"alignnone size-medium wp-image-518\" srcset=\"https:\/\/midtjylland.danmarksveteraner.dk\/wordpress\/wp-content\/uploads\/2016\/11\/15094342_1064852703637016_2921678211909960963_n-300x225.jpg 300w, https:\/\/midtjylland.danmarksveteraner.dk\/wordpress\/wp-content\/uploads\/2016\/11\/15094342_1064852703637016_2921678211909960963_n-768x576.jpg 768w, https:\/\/midtjylland.danmarksveteraner.dk\/wordpress\/wp-content\/uploads\/2016\/11\/15094342_1064852703637016_2921678211909960963_n.jpg 960w\" sizes=\"(max-width: 300px) 100vw, 300px\" \/><\/a><\/td>\n<\/tr>\n<tr class=\"row-4\">\n\t<td class=\"column-1\"><a href=\"http:\/\/midtjylland.danmarksveteraner.dk\/wordpress\/wp-content\/uploads\/2016\/11\/15085454_1064852726970347_2507278795707499752_n.jpg\"><img loading=\"lazy\" decoding=\"async\" src=\"http:\/\/midtjylland.danmarksveteraner.dk\/wordpress\/wp-content\/uploads\/2016\/11\/15085454_1064852726970347_2507278795707499752_n-300x225.jpg\" alt=\"15085454_1064852726970347_2507278795707499752_n\" width=\"300\" height=\"225\" class=\"alignnone size-medium wp-image-517\" srcset=\"https:\/\/midtjylland.danmarksveteraner.dk\/wordpress\/wp-content\/uploads\/2016\/11\/15085454_1064852726970347_2507278795707499752_n-300x225.jpg 300w, https:\/\/midtjylland.danmarksveteraner.dk\/wordpress\/wp-content\/uploads\/2016\/11\/15085454_1064852726970347_2507278795707499752_n-768x576.jpg 768w, https:\/\/midtjylland.danmarksveteraner.dk\/wordpress\/wp-content\/uploads\/2016\/11\/15085454_1064852726970347_2507278795707499752_n.jpg 960w\" sizes=\"(max-width: 300px) 100vw, 300px\" \/><\/a><\/td><td class=\"column-2\"><\/td>\n<\/tr>\n<\/tbody>\n<\/table>\n<!-- #tablepress-9 from cache --><br \/>\nSe video af faneindvielsen:<br \/>\n<a href=\"https:\/\/www.facebook.com\/Veterancafeaarhus\/videos\/1064854016970218\/\">https:\/\/www.facebook.com\/Veterancafeaarhus\/videos\/1064854016970218\/<\/a><br \/>\nL\u00e6s mere om Veterancaf\u00e9en <a href=\"https:\/\/www.facebook.com\/Veterancafeaarhus\/about\/\">her<\/a><\/p>\n","protected":false},"excerpt":{"rendered":"<p>\u00c5bning af Veterancaf\u00e9 i Aarhus Den 11. november 2016 \u00e5bnede endnu en veterancaf\u00e9. Denne gang i Carl Blochsgade i Aarhus.<\/p>\n","protected":false},"author":2,"featured_media":0,"parent":2005,"menu_order":4,"comment_status":"closed","ping_status":"closed","template":"","meta":{"colormag_page_container_layout":"default_layout","colormag_page_sidebar_layout":"default_layout","footnotes":""},"class_list":["post-2109","page","type-page","status-publish","hentry"],"_links":{"self":[{"href":"https:\/\/midtjylland.danmarksveteraner.dk\/wordpress\/index.php?rest_route=\/wp\/v2\/pages\/2109"}],"collection":[{"href":"https:\/\/midtjylland.danmarksveteraner.dk\/wordpress\/index.php?rest_route=\/wp\/v2\/pages"}],"about":[{"href":"https:\/\/midtjylland.danmarksveteraner.dk\/wordpress\/index.php?rest_route=\/wp\/v2\/types\/page"}],"author":[{"embeddable":true,"href":"https:\/\/midtjylland.danmarksveteraner.dk\/wordpress\/index.php?rest_route=\/wp\/v2\/users\/2"}],"replies":[{"embeddable":true,"href":"https:\/\/midtjylland.danmarksveteraner.dk\/wordpress\/index.php?rest_route=%2Fwp%2Fv2%2Fcomments&post=2109"}],"version-history":[{"count":4,"href":"https:\/\/midtjylland.danmarksveteraner.dk\/wordpress\/index.php?rest_route=\/wp\/v2\/pages\/2109\/revisions"}],"predecessor-version":[{"id":2113,"href":"https:\/\/midtjylland.danmarksveteraner.dk\/wordpress\/index.php?rest_route=\/wp\/v2\/pages\/2109\/revisions\/2113"}],"up":[{"embeddable":true,"href":"https:\/\/midtjylland.danmarksveteraner.dk\/wordpress\/index.php?rest_route=\/wp\/v2\/pages\/2005"}],"wp:attachment":[{"href":"https:\/\/midtjylland.danmarksveteraner.dk\/wordpress\/index.php?rest_route=%2Fwp%2Fv2%2Fmedia&parent=2109"}],"curies":[{"name":"wp","href":"https:\/\/api.w.org\/{rel}","templated":true}]}}

Åbning af Veterancafé

<p>Åbning af Veterancafé i Aarhus<br />
Den 11. november 2016 åbnede endnu en veterancafé. Denne gang i Carl Blochsgade i Aarhus.<br />

<table id="tablepress-9" class="tablepress tablepress-id-9">
<thead>
<tr class="row-1">
	<th class="column-1"><a href="http://midtjylland.danmarksveteraner.dk/wordpress/wp-content/uploads/2016/11/WP_20161114_14_58_46_Refocus-3-1.jpg"><img loading="lazy" decoding="async" src="http://midtjylland.danmarksveteraner.dk/wordpress/wp-content/uploads/2016/11/WP_20161114_14_58_46_Refocus-3-1-300x179.jpg" alt="" width="300" height="179" class="alignnone size-medium wp-image-520" srcset="https://midtjylland.danmarksveteraner.dk/wordpress/wp-content/uploads/2016/11/WP_20161114_14_58_46_Refocus-3-1-300x179.jpg 300w, https://midtjylland.danmarksveteraner.dk/wordpress/wp-content/uploads/2016/11/WP_20161114_14_58_46_Refocus-3-1-768x457.jpg 768w, https://midtjylland.danmarksveteraner.dk/wordpress/wp-content/uploads/2016/11/WP_20161114_14_58_46_Refocus-3-1.jpg 884w" sizes="(max-width: 300px) 100vw, 300px" /></a></th><th class="column-2"><a href="http://midtjylland.danmarksveteraner.dk/wordpress/wp-content/uploads/2016/11/WP_20161114_14_59_38_Refocus-2-1.jpg"><img loading="lazy" decoding="async" src="http://midtjylland.danmarksveteraner.dk/wordpress/wp-content/uploads/2016/11/WP_20161114_14_59_38_Refocus-2-1-300x121.jpg" alt="" width="300" height="121" class="alignnone size-medium wp-image-521" srcset="https://midtjylland.danmarksveteraner.dk/wordpress/wp-content/uploads/2016/11/WP_20161114_14_59_38_Refocus-2-1-300x121.jpg 300w, https://midtjylland.danmarksveteraner.dk/wordpress/wp-content/uploads/2016/11/WP_20161114_14_59_38_Refocus-2-1-768x309.jpg 768w, https://midtjylland.danmarksveteraner.dk/wordpress/wp-content/uploads/2016/11/WP_20161114_14_59_38_Refocus-2-1-1024x412.jpg 1024w, https://midtjylland.danmarksveteraner.dk/wordpress/wp-content/uploads/2016/11/WP_20161114_14_59_38_Refocus-2-1.jpg 1241w" sizes="(max-width: 300px) 100vw, 300px" /></a></th>
</tr>
</thead>
<tbody class="row-striping row-hover">
<tr class="row-2">
	<td class="column-1"><a href="http://midtjylland.danmarksveteraner.dk/wordpress/wp-content/uploads/2016/11/14947601_1061648443957442_7039645274444691394_n.jpg"><img loading="lazy" decoding="async" src="http://midtjylland.danmarksveteraner.dk/wordpress/wp-content/uploads/2016/11/14947601_1061648443957442_7039645274444691394_n-300x225.jpg" alt="14947601_1061648443957442_7039645274444691394_n" width="300" height="225" class="alignnone size-medium wp-image-515" srcset="https://midtjylland.danmarksveteraner.dk/wordpress/wp-content/uploads/2016/11/14947601_1061648443957442_7039645274444691394_n-300x225.jpg 300w, https://midtjylland.danmarksveteraner.dk/wordpress/wp-content/uploads/2016/11/14947601_1061648443957442_7039645274444691394_n-768x576.jpg 768w, https://midtjylland.danmarksveteraner.dk/wordpress/wp-content/uploads/2016/11/14947601_1061648443957442_7039645274444691394_n.jpg 960w" sizes="(max-width: 300px) 100vw, 300px" /></a></td><td class="column-2"><a href="http://midtjylland.danmarksveteraner.dk/wordpress/wp-content/uploads/2016/11/WP_20161111_16_14_47_Pro-1-1.jpg"><img loading="lazy" decoding="async" src="http://midtjylland.danmarksveteraner.dk/wordpress/wp-content/uploads/2016/11/WP_20161111_16_14_47_Pro-1-1-300x169.jpg" alt="wp_20161111_16_14_47_pro-1" width="300" height="169" class="alignnone size-medium wp-image-519" srcset="https://midtjylland.danmarksveteraner.dk/wordpress/wp-content/uploads/2016/11/WP_20161111_16_14_47_Pro-1-1-300x169.jpg 300w, https://midtjylland.danmarksveteraner.dk/wordpress/wp-content/uploads/2016/11/WP_20161111_16_14_47_Pro-1-1-768x432.jpg 768w, https://midtjylland.danmarksveteraner.dk/wordpress/wp-content/uploads/2016/11/WP_20161111_16_14_47_Pro-1-1-1024x576.jpg 1024w, https://midtjylland.danmarksveteraner.dk/wordpress/wp-content/uploads/2016/11/WP_20161111_16_14_47_Pro-1-1.jpg 1277w" sizes="(max-width: 300px) 100vw, 300px" /></a></td>
</tr>
<tr class="row-3">
	<td class="column-1"><a href="http://midtjylland.danmarksveteraner.dk/wordpress/wp-content/uploads/2016/11/14991915_1064852890303664_399328767384635265_n.jpg"><img loading="lazy" decoding="async" src="http://midtjylland.danmarksveteraner.dk/wordpress/wp-content/uploads/2016/11/14991915_1064852890303664_399328767384635265_n-300x225.jpg" alt="14991915_1064852890303664_399328767384635265_n" width="300" height="225" class="alignnone size-medium wp-image-516" srcset="https://midtjylland.danmarksveteraner.dk/wordpress/wp-content/uploads/2016/11/14991915_1064852890303664_399328767384635265_n-300x225.jpg 300w, https://midtjylland.danmarksveteraner.dk/wordpress/wp-content/uploads/2016/11/14991915_1064852890303664_399328767384635265_n-768x576.jpg 768w, https://midtjylland.danmarksveteraner.dk/wordpress/wp-content/uploads/2016/11/14991915_1064852890303664_399328767384635265_n.jpg 960w" sizes="(max-width: 300px) 100vw, 300px" /></a></td><td class="column-2"><a href="http://midtjylland.danmarksveteraner.dk/wordpress/wp-content/uploads/2016/11/15094342_1064852703637016_2921678211909960963_n.jpg"><img loading="lazy" decoding="async" src="http://midtjylland.danmarksveteraner.dk/wordpress/wp-content/uploads/2016/11/15094342_1064852703637016_2921678211909960963_n-300x225.jpg" alt="15094342_1064852703637016_2921678211909960963_n" width="300" height="225" class="alignnone size-medium wp-image-518" srcset="https://midtjylland.danmarksveteraner.dk/wordpress/wp-content/uploads/2016/11/15094342_1064852703637016_2921678211909960963_n-300x225.jpg 300w, https://midtjylland.danmarksveteraner.dk/wordpress/wp-content/uploads/2016/11/15094342_1064852703637016_2921678211909960963_n-768x576.jpg 768w, https://midtjylland.danmarksveteraner.dk/wordpress/wp-content/uploads/2016/11/15094342_1064852703637016_2921678211909960963_n.jpg 960w" sizes="(max-width: 300px) 100vw, 300px" /></a></td>
</tr>
<tr class="row-4">
	<td class="column-1"><a href="http://midtjylland.danmarksveteraner.dk/wordpress/wp-content/uploads/2016/11/15085454_1064852726970347_2507278795707499752_n.jpg"><img loading="lazy" decoding="async" src="http://midtjylland.danmarksveteraner.dk/wordpress/wp-content/uploads/2016/11/15085454_1064852726970347_2507278795707499752_n-300x225.jpg" alt="15085454_1064852726970347_2507278795707499752_n" width="300" height="225" class="alignnone size-medium wp-image-517" srcset="https://midtjylland.danmarksveteraner.dk/wordpress/wp-content/uploads/2016/11/15085454_1064852726970347_2507278795707499752_n-300x225.jpg 300w, https://midtjylland.danmarksveteraner.dk/wordpress/wp-content/uploads/2016/11/15085454_1064852726970347_2507278795707499752_n-768x576.jpg 768w, https://midtjylland.danmarksveteraner.dk/wordpress/wp-content/uploads/2016/11/15085454_1064852726970347_2507278795707499752_n.jpg 960w" sizes="(max-width: 300px) 100vw, 300px" /></a></td><td class="column-2"></td>
</tr>
</tbody>
</table>
<!-- #tablepress-9 from cache --><br />
Se video af faneindvielsen:<br />
<a href="https://www.facebook.com/Veterancafeaarhus/videos/1064854016970218/">https://www.facebook.com/Veterancafeaarhus/videos/1064854016970218/</a><br />
Læs mere om Veterancaféen <a href="https://www.facebook.com/Veterancafeaarhus/about/">her</a></p>

<p>Åbning af Veterancafé i Aarhus Den 11. november 2016 åbnede endnu en veterancafé. Denne gang i Carl Blochsgade i Aarhus.</p>
