{"id":2114,"date":"2018-01-31T23:02:00","date_gmt":"2018-01-31T22:02:00","guid":{"rendered":"http:\/\/midtjylland.danmarksveteraner.dk\/wordpress\/?page_id=2114"},"modified":"2018-01-31T23:02:00","modified_gmt":"2018-01-31T22:02:00","slug":"vaabenstilstandsdag-11-11","status":"publish","type":"page","link":"https:\/\/midtjylland.danmarksveteraner.dk\/wordpress\/?page_id=2114","title":{"rendered":"V\u00e5benstilstandsdag 11\/11"},"content":{"rendered":"<p>11\/11 kl. 11.00 (v\u00e5benstilstandsdagen for 1. verdenskrig)<br \/>\nDagen blev markeret ved en h\u00f8jtidelighed i Rotunden ved Mindeparken i Aarhus p\u00e5 klokkeslettet for v\u00e5benstilstanden for 1. verdenskrig d. 11. november 1918.<br \/>\nMidtjylland deltog med faneb\u00e6rer og fanevagt.<\/p>\n\n<table id=\"tablepress-8\" class=\"tablepress tablepress-id-8\">\n<thead>\n<tr class=\"row-1\">\n\t<th class=\"column-1\"><a href=\"http:\/\/midtjylland.danmarksveteraner.dk\/wordpress\/wp-content\/uploads\/2016\/11\/WP_20161111_11_18_35_Pro-2.jpg\"><img loading=\"lazy\" decoding=\"async\" src=\"http:\/\/midtjylland.danmarksveteraner.dk\/wordpress\/wp-content\/uploads\/2016\/11\/WP_20161111_11_18_35_Pro-2-300x153.jpg\" alt=\"wp_20161111_11_18_35_pro-2\" width=\"300\" height=\"153\" class=\"alignnone size-medium wp-image-495\" srcset=\"https:\/\/midtjylland.danmarksveteraner.dk\/wordpress\/wp-content\/uploads\/2016\/11\/WP_20161111_11_18_35_Pro-2-300x153.jpg 300w, https:\/\/midtjylland.danmarksveteraner.dk\/wordpress\/wp-content\/uploads\/2016\/11\/WP_20161111_11_18_35_Pro-2-768x392.jpg 768w, https:\/\/midtjylland.danmarksveteraner.dk\/wordpress\/wp-content\/uploads\/2016\/11\/WP_20161111_11_18_35_Pro-2-1024x522.jpg 1024w, https:\/\/midtjylland.danmarksveteraner.dk\/wordpress\/wp-content\/uploads\/2016\/11\/WP_20161111_11_18_35_Pro-2.jpg 1278w\" sizes=\"(max-width: 300px) 100vw, 300px\" \/><\/a><\/th><th class=\"column-2\"><a href=\"http:\/\/midtjylland.danmarksveteraner.dk\/wordpress\/wp-content\/uploads\/2016\/11\/WP_20161111_10_39_23_Pro-1.jpg\"><img loading=\"lazy\" decoding=\"async\" src=\"http:\/\/midtjylland.danmarksveteraner.dk\/wordpress\/wp-content\/uploads\/2016\/11\/WP_20161111_10_39_23_Pro-1-300x169.jpg\" alt=\"wp_20161111_10_39_23_pro-1\" width=\"300\" height=\"169\" class=\"alignnone size-medium wp-image-494\" srcset=\"https:\/\/midtjylland.danmarksveteraner.dk\/wordpress\/wp-content\/uploads\/2016\/11\/WP_20161111_10_39_23_Pro-1-300x169.jpg 300w, https:\/\/midtjylland.danmarksveteraner.dk\/wordpress\/wp-content\/uploads\/2016\/11\/WP_20161111_10_39_23_Pro-1-768x432.jpg 768w, https:\/\/midtjylland.danmarksveteraner.dk\/wordpress\/wp-content\/uploads\/2016\/11\/WP_20161111_10_39_23_Pro-1-1024x576.jpg 1024w, https:\/\/midtjylland.danmarksveteraner.dk\/wordpress\/wp-content\/uploads\/2016\/11\/WP_20161111_10_39_23_Pro-1.jpg 1277w\" sizes=\"(max-width: 300px) 100vw, 300px\" \/><\/a><\/th>\n<\/tr>\n<\/thead>\n<tbody class=\"row-striping row-hover\">\n<tr class=\"row-2\">\n\t<td class=\"column-1\"><figure id=\"attachment_503\" aria-describedby=\"caption-attachment-503\" style=\"width: 234px\" class=\"wp-caption alignnone\"><a href=\"http:\/\/midtjylland.danmarksveteraner.dk\/wordpress\/wp-content\/uploads\/2016\/11\/WP_20161114_14_58_18_Refocus-2-a.jpg\"><img loading=\"lazy\" decoding=\"async\" src=\"http:\/\/midtjylland.danmarksveteraner.dk\/wordpress\/wp-content\/uploads\/2016\/11\/WP_20161114_14_58_18_Refocus-2-a-234x300.jpg\" alt=\"Created with Nokia Refocus\" width=\"234\" height=\"300\" class=\"size-medium wp-image-503\" srcset=\"https:\/\/midtjylland.danmarksveteraner.dk\/wordpress\/wp-content\/uploads\/2016\/11\/WP_20161114_14_58_18_Refocus-2-a-234x300.jpg 234w, https:\/\/midtjylland.danmarksveteraner.dk\/wordpress\/wp-content\/uploads\/2016\/11\/WP_20161114_14_58_18_Refocus-2-a.jpg 300w\" sizes=\"(max-width: 234px) 100vw, 234px\" \/><\/a><figcaption id=\"caption-attachment-503\" class=\"wp-caption-text\">Created with Nokia Refocus<\/figcaption><\/figure><\/td><td class=\"column-2\"><a href=\"http:\/\/midtjylland.danmarksveteraner.dk\/wordpress\/wp-content\/uploads\/2016\/11\/WP_20161114_15_18_38_Pro-a.jpg\"><img loading=\"lazy\" decoding=\"async\" src=\"http:\/\/midtjylland.danmarksveteraner.dk\/wordpress\/wp-content\/uploads\/2016\/11\/WP_20161114_15_18_38_Pro-a-215x300.jpg\" alt=\"wp_20161114_15_18_38_pro-a\" width=\"215\" height=\"300\" class=\"alignnone size-medium wp-image-504\" srcset=\"https:\/\/midtjylland.danmarksveteraner.dk\/wordpress\/wp-content\/uploads\/2016\/11\/WP_20161114_15_18_38_Pro-a-215x300.jpg 215w, https:\/\/midtjylland.danmarksveteraner.dk\/wordpress\/wp-content\/uploads\/2016\/11\/WP_20161114_15_18_38_Pro-a.jpg 300w\" sizes=\"(max-width: 215px) 100vw, 215px\" \/><\/a><\/td>\n<\/tr>\n<\/tbody>\n<\/table>\n<!-- #tablepress-8 from cache -->\n","protected":false},"excerpt":{"rendered":"<p>11\/11 kl. 11.00 (v\u00e5benstilstandsdagen for 1. verdenskrig) Dagen blev markeret ved en h\u00f8jtidelighed i Rotunden ved Mindeparken i Aarhus p\u00e5<\/p>\n","protected":false},"author":2,"featured_media":0,"parent":2005,"menu_order":5,"comment_status":"closed","ping_status":"closed","template":"","meta":{"colormag_page_container_layout":"default_layout","colormag_page_sidebar_layout":"default_layout","footnotes":""},"class_list":["post-2114","page","type-page","status-publish","hentry"],"_links":{"self":[{"href":"https:\/\/midtjylland.danmarksveteraner.dk\/wordpress\/index.php?rest_route=\/wp\/v2\/pages\/2114"}],"collection":[{"href":"https:\/\/midtjylland.danmarksveteraner.dk\/wordpress\/index.php?rest_route=\/wp\/v2\/pages"}],"about":[{"href":"https:\/\/midtjylland.danmarksveteraner.dk\/wordpress\/index.php?rest_route=\/wp\/v2\/types\/page"}],"author":[{"embeddable":true,"href":"https:\/\/midtjylland.danmarksveteraner.dk\/wordpress\/index.php?rest_route=\/wp\/v2\/users\/2"}],"replies":[{"embeddable":true,"href":"https:\/\/midtjylland.danmarksveteraner.dk\/wordpress\/index.php?rest_route=%2Fwp%2Fv2%2Fcomments&post=2114"}],"version-history":[{"count":1,"href":"https:\/\/midtjylland.danmarksveteraner.dk\/wordpress\/index.php?rest_route=\/wp\/v2\/pages\/2114\/revisions"}],"predecessor-version":[{"id":2115,"href":"https:\/\/midtjylland.danmarksveteraner.dk\/wordpress\/index.php?rest_route=\/wp\/v2\/pages\/2114\/revisions\/2115"}],"up":[{"embeddable":true,"href":"https:\/\/midtjylland.danmarksveteraner.dk\/wordpress\/index.php?rest_route=\/wp\/v2\/pages\/2005"}],"wp:attachment":[{"href":"https:\/\/midtjylland.danmarksveteraner.dk\/wordpress\/index.php?rest_route=%2Fwp%2Fv2%2Fmedia&parent=2114"}],"curies":[{"name":"wp","href":"https:\/\/api.w.org\/{rel}","templated":true}]}}

Våbenstilstandsdag 11/11

<p>11/11 kl. 11.00 (våbenstilstandsdagen for 1. verdenskrig)<br />
Dagen blev markeret ved en højtidelighed i Rotunden ved Mindeparken i Aarhus på klokkeslettet for våbenstilstanden for 1. verdenskrig d. 11. november 1918.<br />
Midtjylland deltog med fanebærer og fanevagt.</p>

<table id="tablepress-8" class="tablepress tablepress-id-8">
<thead>
<tr class="row-1">
	<th class="column-1"><a href="http://midtjylland.danmarksveteraner.dk/wordpress/wp-content/uploads/2016/11/WP_20161111_11_18_35_Pro-2.jpg"><img loading="lazy" decoding="async" src="http://midtjylland.danmarksveteraner.dk/wordpress/wp-content/uploads/2016/11/WP_20161111_11_18_35_Pro-2-300x153.jpg" alt="wp_20161111_11_18_35_pro-2" width="300" height="153" class="alignnone size-medium wp-image-495" srcset="https://midtjylland.danmarksveteraner.dk/wordpress/wp-content/uploads/2016/11/WP_20161111_11_18_35_Pro-2-300x153.jpg 300w, https://midtjylland.danmarksveteraner.dk/wordpress/wp-content/uploads/2016/11/WP_20161111_11_18_35_Pro-2-768x392.jpg 768w, https://midtjylland.danmarksveteraner.dk/wordpress/wp-content/uploads/2016/11/WP_20161111_11_18_35_Pro-2-1024x522.jpg 1024w, https://midtjylland.danmarksveteraner.dk/wordpress/wp-content/uploads/2016/11/WP_20161111_11_18_35_Pro-2.jpg 1278w" sizes="(max-width: 300px) 100vw, 300px" /></a></th><th class="column-2"><a href="http://midtjylland.danmarksveteraner.dk/wordpress/wp-content/uploads/2016/11/WP_20161111_10_39_23_Pro-1.jpg"><img loading="lazy" decoding="async" src="http://midtjylland.danmarksveteraner.dk/wordpress/wp-content/uploads/2016/11/WP_20161111_10_39_23_Pro-1-300x169.jpg" alt="wp_20161111_10_39_23_pro-1" width="300" height="169" class="alignnone size-medium wp-image-494" srcset="https://midtjylland.danmarksveteraner.dk/wordpress/wp-content/uploads/2016/11/WP_20161111_10_39_23_Pro-1-300x169.jpg 300w, https://midtjylland.danmarksveteraner.dk/wordpress/wp-content/uploads/2016/11/WP_20161111_10_39_23_Pro-1-768x432.jpg 768w, https://midtjylland.danmarksveteraner.dk/wordpress/wp-content/uploads/2016/11/WP_20161111_10_39_23_Pro-1-1024x576.jpg 1024w, https://midtjylland.danmarksveteraner.dk/wordpress/wp-content/uploads/2016/11/WP_20161111_10_39_23_Pro-1.jpg 1277w" sizes="(max-width: 300px) 100vw, 300px" /></a></th>
</tr>
</thead>
<tbody class="row-striping row-hover">
<tr class="row-2">
	<td class="column-1"><figure id="attachment_503" aria-describedby="caption-attachment-503" style="width: 234px" class="wp-caption alignnone"><a href="http://midtjylland.danmarksveteraner.dk/wordpress/wp-content/uploads/2016/11/WP_20161114_14_58_18_Refocus-2-a.jpg"><img loading="lazy" decoding="async" src="http://midtjylland.danmarksveteraner.dk/wordpress/wp-content/uploads/2016/11/WP_20161114_14_58_18_Refocus-2-a-234x300.jpg" alt="Created with Nokia Refocus" width="234" height="300" class="size-medium wp-image-503" srcset="https://midtjylland.danmarksveteraner.dk/wordpress/wp-content/uploads/2016/11/WP_20161114_14_58_18_Refocus-2-a-234x300.jpg 234w, https://midtjylland.danmarksveteraner.dk/wordpress/wp-content/uploads/2016/11/WP_20161114_14_58_18_Refocus-2-a.jpg 300w" sizes="(max-width: 234px) 100vw, 234px" /></a><figcaption id="caption-attachment-503" class="wp-caption-text">Created with Nokia Refocus</figcaption></figure></td><td class="column-2"><a href="http://midtjylland.danmarksveteraner.dk/wordpress/wp-content/uploads/2016/11/WP_20161114_15_18_38_Pro-a.jpg"><img loading="lazy" decoding="async" src="http://midtjylland.danmarksveteraner.dk/wordpress/wp-content/uploads/2016/11/WP_20161114_15_18_38_Pro-a-215x300.jpg" alt="wp_20161114_15_18_38_pro-a" width="215" height="300" class="alignnone size-medium wp-image-504" srcset="https://midtjylland.danmarksveteraner.dk/wordpress/wp-content/uploads/2016/11/WP_20161114_15_18_38_Pro-a-215x300.jpg 215w, https://midtjylland.danmarksveteraner.dk/wordpress/wp-content/uploads/2016/11/WP_20161114_15_18_38_Pro-a.jpg 300w" sizes="(max-width: 215px) 100vw, 215px" /></a></td>
</tr>
</tbody>
</table>
<!-- #tablepress-8 from cache -->

<p>11/11 kl. 11.00 (våbenstilstandsdagen for 1. verdenskrig) Dagen blev markeret ved en højtidelighed i Rotunden ved Mindeparken i Aarhus på</p>
