{"id":2132,"date":"2018-01-31T23:16:06","date_gmt":"2018-01-31T22:16:06","guid":{"rendered":"http:\/\/midtjylland.danmarksveteraner.dk\/wordpress\/?page_id=2132"},"modified":"2018-01-31T23:22:43","modified_gmt":"2018-01-31T22:22:43","slug":"peacekeepers-day-29-maj-2017","status":"publish","type":"page","link":"https:\/\/midtjylland.danmarksveteraner.dk\/wordpress\/?page_id=2132","title":{"rendered":"Peacekeepers Day, 29. maj 2017"},"content":{"rendered":"<p>Peacekeepers Day<br \/>\nMandag d. 29. maj deltog 3 repr\u00e6sentanter for lokalforeningen ved den \u00e5rlige parade i Kastellet i K\u00f8benhavn i anledning af den internationale &#8220;Peacekeepers Day&#8221;<\/p>\n<p><a href=\"http:\/\/midtjylland.danmarksveteraner.dk\/wordpress\/wp-content\/uploads\/2017\/05\/WP_20170529_11_02_14_Pro.jpg\"><img loading=\"lazy\" decoding=\"async\" class=\"alignnone size-medium wp-image-1229\" src=\"http:\/\/midtjylland.danmarksveteraner.dk\/wordpress\/wp-content\/uploads\/2017\/05\/WP_20170529_11_02_14_Pro-300x169.jpg\" alt=\"\" width=\"300\" height=\"169\" srcset=\"https:\/\/midtjylland.danmarksveteraner.dk\/wordpress\/wp-content\/uploads\/2017\/05\/WP_20170529_11_02_14_Pro-300x169.jpg 300w, https:\/\/midtjylland.danmarksveteraner.dk\/wordpress\/wp-content\/uploads\/2017\/05\/WP_20170529_11_02_14_Pro-768x432.jpg 768w, https:\/\/midtjylland.danmarksveteraner.dk\/wordpress\/wp-content\/uploads\/2017\/05\/WP_20170529_11_02_14_Pro-1024x576.jpg 1024w, https:\/\/midtjylland.danmarksveteraner.dk\/wordpress\/wp-content\/uploads\/2017\/05\/WP_20170529_11_02_14_Pro.jpg 1277w\" sizes=\"(max-width: 300px) 100vw, 300px\" \/><\/a><\/p>\n<p>Faneborgens indmarch. Forrest Palle Stausholm med Midtjyllands fane.<\/p>\n<p>Der blev lagt kranse ved Monumentet for Danmarks Internationale deltagelse af bl. a. HKH Prins Joachim, forsvarschefen general B. Bisserup, forsvarsminister Klaus Hjort Frederiksen, den Cypriotiske ambassad\u00f8r samt repr\u00e6sentanter fra flere andre ambassader bl. a. Norge, Sverige, Finland og USA.<\/p>\n<p>Under paraden blev en overrasket n\u00e6stformand Niels Ole Piil kaldt frem og dekoreret med Danmarks Veteraners Fortjenstmedalje for sit mange\u00e5rige virke i lokalforeningens bestyrelse.<\/p>\n<p><a href=\"http:\/\/midtjylland.danmarksveteraner.dk\/wordpress\/wp-content\/uploads\/2017\/05\/Ole-Piil.jpg\"><img loading=\"lazy\" decoding=\"async\" class=\"alignnone size-medium wp-image-1236\" src=\"http:\/\/midtjylland.danmarksveteraner.dk\/wordpress\/wp-content\/uploads\/2017\/05\/Ole-Piil-300x169.jpg\" alt=\"\" width=\"300\" height=\"169\" srcset=\"https:\/\/midtjylland.danmarksveteraner.dk\/wordpress\/wp-content\/uploads\/2017\/05\/Ole-Piil-300x169.jpg 300w, https:\/\/midtjylland.danmarksveteraner.dk\/wordpress\/wp-content\/uploads\/2017\/05\/Ole-Piil-768x432.jpg 768w, https:\/\/midtjylland.danmarksveteraner.dk\/wordpress\/wp-content\/uploads\/2017\/05\/Ole-Piil-1024x576.jpg 1024w\" sizes=\"(max-width: 300px) 100vw, 300px\" \/><\/a><\/p>\n<p>Niels Ole Piil<\/p>\n<p>Samtidig blev foreningens formand, Per-Ole Overgaard tildelt 25 \u00e5rs mindemedaljen for Balkan &#8217;92.<\/p>\n<p><a href=\"http:\/\/midtjylland.danmarksveteraner.dk\/wordpress\/wp-content\/uploads\/2017\/06\/DSC_2049.jpg\"><img loading=\"lazy\" decoding=\"async\" class=\"alignnone size-medium wp-image-1258\" src=\"http:\/\/midtjylland.danmarksveteraner.dk\/wordpress\/wp-content\/uploads\/2017\/06\/DSC_2049-300x199.jpg\" alt=\"\" width=\"300\" height=\"199\" srcset=\"https:\/\/midtjylland.danmarksveteraner.dk\/wordpress\/wp-content\/uploads\/2017\/06\/DSC_2049-300x199.jpg 300w, https:\/\/midtjylland.danmarksveteraner.dk\/wordpress\/wp-content\/uploads\/2017\/06\/DSC_2049-768x511.jpg 768w, https:\/\/midtjylland.danmarksveteraner.dk\/wordpress\/wp-content\/uploads\/2017\/06\/DSC_2049-1024x681.jpg 1024w\" sizes=\"(max-width: 300px) 100vw, 300px\" \/><\/a><\/p>\n<p>Per-Ole Overgaard<br \/>\nEfter paraden blev der afholdt en reception i en af Kastellets bygninger. Her blev der serveret adskillige Cypriotiske specialiteter samt lidt at skylle ned med.<br \/>\nSe flere billeder fra dagen p\u00e5 dette <a href=\"https:\/\/onedrive.live.com\/?authkey=%21AB4YEbU%2DhaRIIJk&amp;id=A6194F4F3FA9CE69%2123436&amp;cid=A6194F4F3FA9CE69\">LINK 1<\/a>\u00a0 <a href=\"https:\/\/onedrive.live.com\/?authkey=%21ACNwdE%2DbiGdRU0I&amp;id=A6194F4F3FA9CE69%2123681&amp;cid=A6194F4F3FA9CE69\">LINK 2<\/a>\u00a0 <a href=\"https:\/\/onedrive.live.com\/?authkey=%21AHlWsLWwwGsLmVc&amp;id=A6194F4F3FA9CE69%2123625&amp;cid=A6194F4F3FA9CE69\">LINK 3<\/a><\/p>\n","protected":false},"excerpt":{"rendered":"<p>Peacekeepers Day Mandag d. 29. maj deltog 3 repr\u00e6sentanter for lokalforeningen ved den \u00e5rlige parade i Kastellet i K\u00f8benhavn i<\/p>\n","protected":false},"author":2,"featured_media":0,"parent":2007,"menu_order":3,"comment_status":"closed","ping_status":"closed","template":"","meta":{"colormag_page_container_layout":"default_layout","colormag_page_sidebar_layout":"default_layout","footnotes":""},"class_list":["post-2132","page","type-page","status-publish","hentry"],"_links":{"self":[{"href":"https:\/\/midtjylland.danmarksveteraner.dk\/wordpress\/index.php?rest_route=\/wp\/v2\/pages\/2132"}],"collection":[{"href":"https:\/\/midtjylland.danmarksveteraner.dk\/wordpress\/index.php?rest_route=\/wp\/v2\/pages"}],"about":[{"href":"https:\/\/midtjylland.danmarksveteraner.dk\/wordpress\/index.php?rest_route=\/wp\/v2\/types\/page"}],"author":[{"embeddable":true,"href":"https:\/\/midtjylland.danmarksveteraner.dk\/wordpress\/index.php?rest_route=\/wp\/v2\/users\/2"}],"replies":[{"embeddable":true,"href":"https:\/\/midtjylland.danmarksveteraner.dk\/wordpress\/index.php?rest_route=%2Fwp%2Fv2%2Fcomments&post=2132"}],"version-history":[{"count":6,"href":"https:\/\/midtjylland.danmarksveteraner.dk\/wordpress\/index.php?rest_route=\/wp\/v2\/pages\/2132\/revisions"}],"predecessor-version":[{"id":2138,"href":"https:\/\/midtjylland.danmarksveteraner.dk\/wordpress\/index.php?rest_route=\/wp\/v2\/pages\/2132\/revisions\/2138"}],"up":[{"embeddable":true,"href":"https:\/\/midtjylland.danmarksveteraner.dk\/wordpress\/index.php?rest_route=\/wp\/v2\/pages\/2007"}],"wp:attachment":[{"href":"https:\/\/midtjylland.danmarksveteraner.dk\/wordpress\/index.php?rest_route=%2Fwp%2Fv2%2Fmedia&parent=2132"}],"curies":[{"name":"wp","href":"https:\/\/api.w.org\/{rel}","templated":true}]}}

<p>Peacekeepers Day<br />
Mandag d. 29. maj deltog 3 repræsentanter for lokalforeningen ved den årlige parade i Kastellet i København i anledning af den internationale &#8220;Peacekeepers Day&#8221;</p>
<p><a href="http://midtjylland.danmarksveteraner.dk/wordpress/wp-content/uploads/2017/05/WP_20170529_11_02_14_Pro.jpg"><img loading="lazy" decoding="async" class="alignnone size-medium wp-image-1229" src="http://midtjylland.danmarksveteraner.dk/wordpress/wp-content/uploads/2017/05/WP_20170529_11_02_14_Pro-300x169.jpg" alt="" width="300" height="169" srcset="https://midtjylland.danmarksveteraner.dk/wordpress/wp-content/uploads/2017/05/WP_20170529_11_02_14_Pro-300x169.jpg 300w, https://midtjylland.danmarksveteraner.dk/wordpress/wp-content/uploads/2017/05/WP_20170529_11_02_14_Pro-768x432.jpg 768w, https://midtjylland.danmarksveteraner.dk/wordpress/wp-content/uploads/2017/05/WP_20170529_11_02_14_Pro-1024x576.jpg 1024w, https://midtjylland.danmarksveteraner.dk/wordpress/wp-content/uploads/2017/05/WP_20170529_11_02_14_Pro.jpg 1277w" sizes="(max-width: 300px) 100vw, 300px" /></a></p>
<p>Faneborgens indmarch. Forrest Palle Stausholm med Midtjyllands fane.</p>
<p>Der blev lagt kranse ved Monumentet for Danmarks Internationale deltagelse af bl. a. HKH Prins Joachim, forsvarschefen general B. Bisserup, forsvarsminister Klaus Hjort Frederiksen, den Cypriotiske ambassadør samt repræsentanter fra flere andre ambassader bl. a. Norge, Sverige, Finland og USA.</p>
<p>Under paraden blev en overrasket næstformand Niels Ole Piil kaldt frem og dekoreret med Danmarks Veteraners Fortjenstmedalje for sit mangeårige virke i lokalforeningens bestyrelse.</p>
<p><a href="http://midtjylland.danmarksveteraner.dk/wordpress/wp-content/uploads/2017/05/Ole-Piil.jpg"><img loading="lazy" decoding="async" class="alignnone size-medium wp-image-1236" src="http://midtjylland.danmarksveteraner.dk/wordpress/wp-content/uploads/2017/05/Ole-Piil-300x169.jpg" alt="" width="300" height="169" srcset="https://midtjylland.danmarksveteraner.dk/wordpress/wp-content/uploads/2017/05/Ole-Piil-300x169.jpg 300w, https://midtjylland.danmarksveteraner.dk/wordpress/wp-content/uploads/2017/05/Ole-Piil-768x432.jpg 768w, https://midtjylland.danmarksveteraner.dk/wordpress/wp-content/uploads/2017/05/Ole-Piil-1024x576.jpg 1024w" sizes="(max-width: 300px) 100vw, 300px" /></a></p>
<p>Niels Ole Piil</p>
<p>Samtidig blev foreningens formand, Per-Ole Overgaard tildelt 25 års mindemedaljen for Balkan &#8217;92.</p>
<p><a href="http://midtjylland.danmarksveteraner.dk/wordpress/wp-content/uploads/2017/06/DSC_2049.jpg"><img loading="lazy" decoding="async" class="alignnone size-medium wp-image-1258" src="http://midtjylland.danmarksveteraner.dk/wordpress/wp-content/uploads/2017/06/DSC_2049-300x199.jpg" alt="" width="300" height="199" srcset="https://midtjylland.danmarksveteraner.dk/wordpress/wp-content/uploads/2017/06/DSC_2049-300x199.jpg 300w, https://midtjylland.danmarksveteraner.dk/wordpress/wp-content/uploads/2017/06/DSC_2049-768x511.jpg 768w, https://midtjylland.danmarksveteraner.dk/wordpress/wp-content/uploads/2017/06/DSC_2049-1024x681.jpg 1024w" sizes="(max-width: 300px) 100vw, 300px" /></a></p>
<p>Per-Ole Overgaard<br />
Efter paraden blev der afholdt en reception i en af Kastellets bygninger. Her blev der serveret adskillige Cypriotiske specialiteter samt lidt at skylle ned med.<br />
Se flere billeder fra dagen på dette <a href="https://onedrive.live.com/?authkey=%21AB4YEbU%2DhaRIIJk&amp;id=A6194F4F3FA9CE69%2123436&amp;cid=A6194F4F3FA9CE69">LINK 1</a>  <a href="https://onedrive.live.com/?authkey=%21ACNwdE%2DbiGdRU0I&amp;id=A6194F4F3FA9CE69%2123681&amp;cid=A6194F4F3FA9CE69">LINK 2</a>  <a href="https://onedrive.live.com/?authkey=%21AHlWsLWwwGsLmVc&amp;id=A6194F4F3FA9CE69%2123625&amp;cid=A6194F4F3FA9CE69">LINK 3</a></p>

<p>Peacekeepers Day Mandag d. 29. maj deltog 3 repræsentanter for lokalforeningen ved den årlige parade i Kastellet i København i</p>
