{"id":997,"date":"2017-02-20T16:24:11","date_gmt":"2017-02-20T15:24:11","guid":{"rendered":"http:\/\/midtjylland.danmarksveteraner.dk\/wordpress\/?page_id=997"},"modified":"2019-03-31T22:09:01","modified_gmt":"2019-03-31T20:09:01","slug":"historiske-billeder","status":"publish","type":"page","link":"https:\/\/midtjylland.danmarksveteraner.dk\/wordpress\/?page_id=997","title":{"rendered":"Historiske billeder"},"content":{"rendered":"<p><a href=\"http:\/\/dbb-soenderjylland.dk\/nostalgi\/1976\/\">Nordisk st\u00e6vne 1976<\/a><\/p>\n<p><a href=\"http:\/\/dbb-soenderjylland.dk\/nostalgi\/1977\/\">Horsens 1977<\/a><\/p>\n<p><a href=\"http:\/\/dbb-soenderjylland.dk\/nostalgi\/1978\/\">Landsst\u00e6vne S\u00f8nderborg 1978<\/a><\/p>\n<p><a href=\"http:\/\/dbb-soenderjylland.dk\/nostalgi\/1979\/\">Sommerst\u00e6vne Bogense 1979<\/a><\/p>\n<p><a href=\"http:\/\/dbb-soenderjylland.dk\/nostalgi\/1981\/\">Sommerst\u00e6vne Ry 1981<\/a><\/p>\n<p><a href=\"http:\/\/dbb-soenderjylland.dk\/nostalgi\/1982\/\">Sommerst\u00e6vne N\u00e6stved 1982<\/a><\/p>\n<p><a href=\"http:\/\/dbb-soenderjylland.dk\/nostalgi\/1983\/\">Sommerst\u00e6vne S\u00f8nderborg 1983<\/a><\/p>\n<p><a href=\"http:\/\/dbb-soenderjylland.dk\/nostalgi\/1983\/\">Sommerst\u00e6vne Viborg 1984<\/a><\/p>\n<p><a href=\"http:\/\/dbb-soenderjylland.dk\/nostalgi\/1985\/\">Sommerst\u00e6vne Odense 1985<\/a><\/p>\n<p><a href=\"http:\/\/dbb-soenderjylland.dk\/nostalgi\/1987\/\">Sommerst\u00e6vne S\u00e6by 1987<\/a><\/p>\n<p><a href=\"http:\/\/dbb-soenderjylland.dk\/nostalgi\/1988\/\">Sommerst\u00e6vne Fredericia 1988<\/a><\/p>\n<p><a href=\"http:\/\/dbb-soenderjylland.dk\/nostalgi\/1989\/\">Sommerst\u00e6vne Oksb\u00f8l 1988<\/a><\/p>\n<p><a href=\"http:\/\/dbb-soenderjylland.dk\/nostalgi\/1991\/\">Sommerst\u00e6vne Fredericia 1991<\/a><\/p>\n<p><a href=\"http:\/\/dbb-soenderjylland.dk\/nostalgi\/1999\/\">Sommerst\u00e6vne Holstebro 1999<\/a><\/p>\n<p><a href=\"http:\/\/dbb-soenderjylland.dk\/nostalgi\/2005\/\">Sommerst\u00e6vne S\u00f8nderborg 2005<\/a><\/p>\n<p>&nbsp;<\/p>\n","protected":false},"excerpt":{"rendered":"<p>Nordisk st\u00e6vne 1976 Horsens 1977 Landsst\u00e6vne S\u00f8nderborg 1978 Sommerst\u00e6vne Bogense 1979 Sommerst\u00e6vne Ry 1981 Sommerst\u00e6vne N\u00e6stved 1982 Sommerst\u00e6vne S\u00f8nderborg 1983<\/p>\n","protected":false},"author":2,"featured_media":0,"parent":255,"menu_order":3,"comment_status":"closed","ping_status":"closed","template":"","meta":{"colormag_page_container_layout":"default_layout","colormag_page_sidebar_layout":"default_layout","footnotes":""},"class_list":["post-997","page","type-page","status-publish","hentry"],"_links":{"self":[{"href":"https:\/\/midtjylland.danmarksveteraner.dk\/wordpress\/index.php?rest_route=\/wp\/v2\/pages\/997"}],"collection":[{"href":"https:\/\/midtjylland.danmarksveteraner.dk\/wordpress\/index.php?rest_route=\/wp\/v2\/pages"}],"about":[{"href":"https:\/\/midtjylland.danmarksveteraner.dk\/wordpress\/index.php?rest_route=\/wp\/v2\/types\/page"}],"author":[{"embeddable":true,"href":"https:\/\/midtjylland.danmarksveteraner.dk\/wordpress\/index.php?rest_route=\/wp\/v2\/users\/2"}],"replies":[{"embeddable":true,"href":"https:\/\/midtjylland.danmarksveteraner.dk\/wordpress\/index.php?rest_route=%2Fwp%2Fv2%2Fcomments&post=997"}],"version-history":[{"count":2,"href":"https:\/\/midtjylland.danmarksveteraner.dk\/wordpress\/index.php?rest_route=\/wp\/v2\/pages\/997\/revisions"}],"predecessor-version":[{"id":1000,"href":"https:\/\/midtjylland.danmarksveteraner.dk\/wordpress\/index.php?rest_route=\/wp\/v2\/pages\/997\/revisions\/1000"}],"up":[{"embeddable":true,"href":"https:\/\/midtjylland.danmarksveteraner.dk\/wordpress\/index.php?rest_route=\/wp\/v2\/pages\/255"}],"wp:attachment":[{"href":"https:\/\/midtjylland.danmarksveteraner.dk\/wordpress\/index.php?rest_route=%2Fwp%2Fv2%2Fmedia&parent=997"}],"curies":[{"name":"wp","href":"https:\/\/api.w.org\/{rel}","templated":true}]}}